Last updated on 2024-05-07 09:58:54 CEST.
Flavor | Version | Tinstall | Tcheck | Ttotal | Status | Flags |
---|---|---|---|---|---|---|
r-devel-linux-x86_64-debian-clang | 0.12.0 | 24.06 | 277.10 | 301.16 | OK | |
r-devel-linux-x86_64-debian-gcc | 0.12.0 | 18.59 | 195.01 | 213.60 | OK | |
r-devel-linux-x86_64-fedora-clang | 0.12.0 | 369.73 | NOTE | |||
r-devel-linux-x86_64-fedora-gcc | 0.12.0 | 393.50 | OK | |||
r-devel-windows-x86_64 | 0.12.0 | 19.00 | 215.00 | 234.00 | OK | |
r-patched-linux-x86_64 | 0.12.0 | 29.23 | 258.04 | 287.27 | OK | |
r-release-linux-x86_64 | 0.12.0 | 17.03 | 251.93 | 268.96 | OK | |
r-release-macos-arm64 | 0.12.0 | 97.00 | OK | |||
r-release-windows-x86_64 | 0.12.0 | 18.00 | 211.00 | 229.00 | OK | |
r-oldrel-macos-arm64 | 0.12.0 | 94.00 | OK | |||
r-oldrel-macos-x86_64 | 0.12.0 | 219.00 | OK | |||
r-oldrel-windows-x86_64 | 0.12.0 | 23.00 | 270.00 | 293.00 | OK |
Version: 0.12.0
Check: Rd cross-references
Result: NOTE
Undeclared packages ‘akima’, ‘ggforce’ in Rd xrefs
Flavor: r-devel-linux-x86_64-fedora-clang