Last updated on 2024-05-07 13:51:47 CEST.
Flavor | Version | Tinstall | Tcheck | Ttotal | Status | Flags |
---|---|---|---|---|---|---|
r-devel-linux-x86_64-debian-clang | 0.2.0 | 6.97 | 67.27 | 74.24 | OK | |
r-devel-linux-x86_64-debian-gcc | 0.2.0 | 5.97 | 49.50 | 55.47 | OK | |
r-devel-linux-x86_64-fedora-clang | 0.2.0 | 96.01 | NOTE | |||
r-devel-linux-x86_64-fedora-gcc | 0.2.0 | 111.15 | NOTE | |||
r-devel-windows-x86_64 | 0.2.0 | 9.00 | 89.00 | 98.00 | OK | |
r-patched-linux-x86_64 | 0.2.0 | 10.57 | 62.33 | 72.90 | OK | |
r-release-linux-x86_64 | 0.2.0 | 5.16 | 63.41 | 68.57 | OK | |
r-release-macos-arm64 | 0.2.0 | 29.00 | OK | |||
r-release-windows-x86_64 | 0.2.0 | 9.00 | 89.00 | 98.00 | OK | |
r-oldrel-macos-arm64 | 0.2.0 | 31.00 | OK | |||
r-oldrel-macos-x86_64 | 0.2.0 | 46.00 | OK | |||
r-oldrel-windows-x86_64 | 0.2.0 | 11.00 | 96.00 | 107.00 | OK |
Version: 0.2.0
Check: dependencies in R code
Result: NOTE
Namespaces in Imports field not imported from:
‘assertthat’ ‘future’ ‘httr’
All declared Imports should be used.
Flavors: r-devel-linux-x86_64-fedora-clang, r-devel-linux-x86_64-fedora-gcc