Last updated on 2024-05-07 06:11:39 CEST.
Flavor | Version | Tinstall | Tcheck | Ttotal | Status | Flags |
---|---|---|---|---|---|---|
r-devel-linux-x86_64-debian-clang | 0.2.1 | 4.73 | 47.54 | 52.27 | NOTE | |
r-devel-linux-x86_64-debian-gcc | 0.2.1 | 3.05 | 35.91 | 38.96 | NOTE | |
r-devel-linux-x86_64-fedora-clang | 0.2.1 | 66.72 | NOTE | |||
r-devel-linux-x86_64-fedora-gcc | 0.2.1 | 69.77 | NOTE | |||
r-devel-windows-x86_64 | 0.2.1 | 5.00 | 70.00 | 75.00 | NOTE | |
r-patched-linux-x86_64 | 0.2.1 | 5.60 | 44.91 | 50.51 | NOTE | |
r-release-linux-x86_64 | 0.2.1 | 3.94 | 43.12 | 47.06 | NOTE | |
r-release-macos-arm64 | 0.2.1 | 21.00 | NOTE | |||
r-release-windows-x86_64 | 0.2.1 | 6.00 | 66.00 | 72.00 | NOTE | |
r-oldrel-macos-arm64 | 0.2.1 | 23.00 | OK | |||
r-oldrel-macos-x86_64 | 0.2.1 | 32.00 | OK | |||
r-oldrel-windows-x86_64 | 0.2.1 | 6.00 | 67.00 | 73.00 | OK |
Version: 0.2.1
Check: Rd files
Result: NOTE
checkRd: (-1) qdb.p.correct.Rd:14: Lost braces; missing escapes or markup?
14 | \item{refpts}{a numeric vector used as a reference point to determine the correct side of the \code{qdb} for classifying \code{x}. The \code{length(refpts)} should be equal to {ncol(x)}. Default to \code{colMeans(x)}. }
| ^
Flavors: r-devel-linux-x86_64-debian-clang, r-devel-linux-x86_64-debian-gcc, r-devel-linux-x86_64-fedora-clang, r-devel-linux-x86_64-fedora-gcc, r-devel-windows-x86_64, r-patched-linux-x86_64, r-release-linux-x86_64, r-release-macos-arm64, r-release-windows-x86_64