Last updated on 2024-05-07 21:48:28 CEST.
Flavor | Version | Tinstall | Tcheck | Ttotal | Status | Flags |
---|---|---|---|---|---|---|
r-devel-linux-x86_64-debian-clang | 1.0.3 | 153.65 | 110.91 | 264.56 | OK | |
r-devel-linux-x86_64-debian-gcc | 1.0.3 | 124.09 | 77.73 | 201.82 | OK | |
r-devel-linux-x86_64-fedora-clang | 1.0.3 | 395.83 | OK | |||
r-devel-linux-x86_64-fedora-gcc | 1.0.3 | 550.35 | OK | |||
r-devel-windows-x86_64 | 1.0.3 | 123.00 | 131.00 | 254.00 | OK | |
r-patched-linux-x86_64 | 1.0.3 | 116.48 | 102.37 | 218.85 | OK | |
r-release-linux-x86_64 | 1.0.3 | 124.13 | 104.23 | 228.36 | OK | |
r-release-macos-arm64 | 1.0.3 | 83.00 | NOTE | |||
r-release-windows-x86_64 | 1.0.3 | 121.00 | 130.00 | 251.00 | OK | |
r-oldrel-macos-arm64 | 1.0.3 | 91.00 | NOTE | |||
r-oldrel-macos-x86_64 | 1.0.3 | 124.00 | NOTE | |||
r-oldrel-windows-x86_64 | 1.0.3 | 151.00 | 146.00 | 297.00 | OK |
Version: 1.0.3
Check: installed package size
Result: NOTE
installed size is 11.9Mb
sub-directories of 1Mb or more:
libs 11.4Mb
Flavors: r-release-macos-arm64, r-oldrel-macos-arm64, r-oldrel-macos-x86_64