Last updated on 2024-05-08 01:48:16 CEST.
Flavor | Version | Tinstall | Tcheck | Ttotal | Status | Flags |
---|---|---|---|---|---|---|
r-devel-linux-x86_64-debian-clang | 0.6.0 | 6.53 | 52.15 | 58.68 | OK | |
r-devel-linux-x86_64-debian-gcc | 0.6.0 | 3.74 | 39.24 | 42.98 | OK | |
r-devel-linux-x86_64-fedora-clang | 0.6.0 | 73.04 | NOTE | |||
r-devel-linux-x86_64-fedora-gcc | 0.6.0 | 91.10 | OK | |||
r-devel-windows-x86_64 | 0.6.0 | 6.00 | 69.00 | 75.00 | NOTE | |
r-patched-linux-x86_64 | 0.6.0 | 5.03 | 49.40 | 54.43 | OK | |
r-release-linux-x86_64 | 0.6.0 | 5.23 | 50.07 | 55.30 | OK | |
r-release-macos-arm64 | 0.6.0 | 33.00 | NOTE | |||
r-release-macos-x86_64 | 0.6.0 | 101.00 | NOTE | |||
r-release-windows-x86_64 | 0.6.0 | 6.00 | 68.00 | 74.00 | NOTE | |
r-oldrel-macos-arm64 | 0.6.0 | 41.00 | NOTE | |||
r-oldrel-macos-x86_64 | 0.6.0 | 80.00 | NOTE | |||
r-oldrel-windows-x86_64 | 0.6.0 | 5.00 | 73.00 | 78.00 | NOTE |
Version: 0.6.0
Check: installed package size
Result: NOTE
installed size is 5.2Mb
sub-directories of 1Mb or more:
doc 4.8Mb
Flavors: r-devel-linux-x86_64-fedora-clang, r-devel-windows-x86_64, r-release-macos-arm64, r-release-macos-x86_64, r-release-windows-x86_64, r-oldrel-macos-arm64, r-oldrel-macos-x86_64, r-oldrel-windows-x86_64