Last updated on 2024-05-07 17:50:09 CEST.
Flavor | Version | Tinstall | Tcheck | Ttotal | Status | Flags |
---|---|---|---|---|---|---|
r-devel-linux-x86_64-debian-clang | 2.3.1 | 31.62 | 79.30 | 110.92 | NOTE | |
r-devel-linux-x86_64-debian-gcc | 2.3.1 | 24.01 | 59.46 | 83.47 | NOTE | |
r-devel-linux-x86_64-fedora-clang | 2.3.1 | 148.71 | NOTE | |||
r-devel-linux-x86_64-fedora-gcc | 2.3.1 | 207.68 | NOTE | |||
r-devel-windows-x86_64 | 2.3.1 | 28.00 | 103.00 | 131.00 | NOTE | |
r-patched-linux-x86_64 | 2.3.1 | 29.72 | 76.72 | 106.44 | NOTE | |
r-release-linux-x86_64 | 2.3.1 | 30.26 | 75.88 | 106.14 | NOTE | |
r-release-macos-arm64 | 2.3.1 | 40.00 | NOTE | |||
r-release-macos-x86_64 | 2.3.1 | 106.00 | NOTE | |||
r-release-windows-x86_64 | 2.3.1 | 27.00 | 102.00 | 129.00 | NOTE | |
r-oldrel-macos-arm64 | 2.3.1 | 63.00 | NOTE | |||
r-oldrel-macos-x86_64 | 2.3.1 | 100.00 | NOTE | |||
r-oldrel-windows-x86_64 | 2.3.1 | 28.00 | 118.00 | 146.00 | NOTE |
Version: 2.3.1
Check: for GNU extensions in Makefiles
Result: NOTE
GNU make is a SystemRequirements.
Flavors: r-devel-linux-x86_64-debian-clang, r-devel-linux-x86_64-debian-gcc, r-devel-linux-x86_64-fedora-clang, r-devel-linux-x86_64-fedora-gcc, r-devel-windows-x86_64, r-patched-linux-x86_64, r-release-linux-x86_64, r-release-macos-arm64, r-release-macos-x86_64, r-release-windows-x86_64, r-oldrel-macos-arm64, r-oldrel-macos-x86_64, r-oldrel-windows-x86_64
Version: 2.3.1
Check: installed package size
Result: NOTE
installed size is 5.2Mb
sub-directories of 1Mb or more:
R 1.6Mb
doc 1.9Mb
libs 1.4Mb
Flavors: r-release-macos-arm64, r-release-macos-x86_64, r-oldrel-macos-arm64, r-oldrel-macos-x86_64