Last updated on 2024-05-02 21:52:45 CEST.
Flavor | Version | Tinstall | Tcheck | Ttotal | Status | Flags |
---|---|---|---|---|---|---|
r-devel-linux-x86_64-debian-clang | 1.0-1 | 5.30 | 39.78 | 45.08 | NOTE | |
r-devel-linux-x86_64-debian-gcc | 1.0-1 | 4.60 | 30.93 | 35.53 | NOTE | |
r-devel-linux-x86_64-fedora-clang | 1.0-1 | 58.30 | NOTE | |||
r-devel-linux-x86_64-fedora-gcc | 1.0-1 | 55.30 | NOTE | |||
r-devel-windows-x86_64 | 1.0-1 | 6.00 | 50.00 | 56.00 | NOTE | |
r-patched-linux-x86_64 | 1.0-1 | 6.60 | 38.64 | 45.24 | NOTE | |
r-release-linux-x86_64 | 1.0-1 | 4.51 | 39.21 | 43.72 | NOTE | |
r-release-macos-arm64 | 1.0-1 | 24.00 | NOTE | |||
r-release-windows-x86_64 | 1.0-1 | 6.00 | 51.00 | 57.00 | NOTE | |
r-oldrel-macos-arm64 | 1.0-1 | 23.00 | NOTE | |||
r-oldrel-macos-x86_64 | 1.0-1 | 44.00 | NOTE | |||
r-oldrel-windows-x86_64 | 1.0-1 | 7.00 | 57.00 | 64.00 | NOTE |
Version: 1.0-1
Check: Rd files
Result: NOTE
checkRd: (-1) ohio.Rd:104: Escaped LaTeX specials: \&
checkRd: (-1) ohio.Rd:105: Escaped LaTeX specials: \&
Flavors: r-devel-linux-x86_64-debian-clang, r-devel-linux-x86_64-debian-gcc, r-devel-linux-x86_64-fedora-clang, r-devel-linux-x86_64-fedora-gcc, r-devel-windows-x86_64, r-patched-linux-x86_64, r-release-linux-x86_64, r-release-macos-arm64, r-release-windows-x86_64, r-oldrel-macos-arm64, r-oldrel-macos-x86_64, r-oldrel-windows-x86_64