Last updated on 2024-05-07 17:50:09 CEST.
Flavor | Version | Tinstall | Tcheck | Ttotal | Status | Flags |
---|---|---|---|---|---|---|
r-devel-linux-x86_64-debian-clang | 0.11.6 | 58.06 | 135.61 | 193.67 | OK | |
r-devel-linux-x86_64-debian-gcc | 0.11.6 | 35.54 | 101.14 | 136.68 | OK | |
r-devel-linux-x86_64-fedora-clang | 0.11.6 | 244.30 | OK | |||
r-devel-linux-x86_64-fedora-gcc | 0.11.6 | 323.09 | OK | |||
r-devel-windows-x86_64 | 0.11.6 | 40.00 | 141.00 | 181.00 | OK | |
r-patched-linux-x86_64 | 0.11.6 | 36.28 | 132.38 | 168.66 | OK | |
r-release-linux-x86_64 | 0.11.6 | 43.33 | 126.14 | 169.47 | OK | |
r-release-macos-arm64 | 0.11.6 | 72.00 | NOTE | |||
r-release-macos-x86_64 | 0.11.6 | 199.00 | NOTE | |||
r-release-windows-x86_64 | 0.11.6 | 38.00 | 134.00 | 172.00 | OK | |
r-oldrel-macos-arm64 | 0.11.6 | 84.00 | NOTE | |||
r-oldrel-macos-x86_64 | 0.11.6 | 198.00 | NOTE | |||
r-oldrel-windows-x86_64 | 0.11.6 | 50.00 | 165.00 | 215.00 | OK |
Version: 0.11.6
Check: installed package size
Result: NOTE
installed size is 10.3Mb
sub-directories of 1Mb or more:
libs 9.6Mb
Flavors: r-release-macos-arm64, r-release-macos-x86_64, r-oldrel-macos-arm64, r-oldrel-macos-x86_64