Last updated on 2024-05-08 01:48:16 CEST.
Flavor | Version | Tinstall | Tcheck | Ttotal | Status | Flags |
---|---|---|---|---|---|---|
r-devel-linux-x86_64-debian-clang | 0.1.0 | 25.52 | 40.31 | 65.83 | NOTE | |
r-devel-linux-x86_64-debian-gcc | 0.1.0 | 17.15 | 30.98 | 48.13 | NOTE | |
r-devel-linux-x86_64-fedora-clang | 0.1.0 | 89.17 | NOTE | |||
r-devel-linux-x86_64-fedora-gcc | 0.1.0 | 134.10 | NOTE | |||
r-devel-windows-x86_64 | 0.1.0 | 22.00 | 73.00 | 95.00 | NOTE | |
r-patched-linux-x86_64 | 0.1.0 | 21.11 | 38.18 | 59.29 | NOTE | |
r-release-linux-x86_64 | 0.1.0 | 23.71 | 38.82 | 62.53 | NOTE | |
r-release-macos-arm64 | 0.1.0 | 25.00 | NOTE | |||
r-release-windows-x86_64 | 0.1.0 | 23.00 | 69.00 | 92.00 | NOTE | |
r-oldrel-macos-arm64 | 0.1.0 | 27.00 | OK | |||
r-oldrel-macos-x86_64 | 0.1.0 | 44.00 | OK | |||
r-oldrel-windows-x86_64 | 0.1.0 | 22.00 | 80.00 | 102.00 | OK |
Version: 0.1.0
Check: Rd files
Result: NOTE
checkRd: (-1) image_line_segment_detector.Rd:65: Lost braces in \itemize; \value handles \item{}{} directly
checkRd: (-1) image_line_segment_detector.Rd:66-72: Lost braces in \itemize; \value handles \item{}{} directly
checkRd: (-1) image_line_segment_detector.Rd:73-76: Lost braces in \itemize; \value handles \item{}{} directly
Flavors: r-devel-linux-x86_64-debian-clang, r-devel-linux-x86_64-debian-gcc, r-devel-linux-x86_64-fedora-clang, r-devel-linux-x86_64-fedora-gcc, r-devel-windows-x86_64, r-patched-linux-x86_64, r-release-linux-x86_64, r-release-macos-arm64, r-release-windows-x86_64