Last updated on 2024-05-07 17:50:09 CEST.
Flavor | Version | Tinstall | Tcheck | Ttotal | Status | Flags |
---|---|---|---|---|---|---|
r-devel-linux-x86_64-debian-clang | 0.1.2 | 7.96 | 63.18 | 71.14 | NOTE | |
r-devel-linux-x86_64-debian-gcc | 0.1.2 | 5.51 | 46.72 | 52.23 | NOTE | |
r-devel-linux-x86_64-fedora-clang | 0.1.2 | 85.46 | NOTE | |||
r-devel-linux-x86_64-fedora-gcc | 0.1.2 | 127.37 | NOTE | |||
r-devel-windows-x86_64 | 0.1.2 | 6.00 | 66.00 | 72.00 | NOTE | |
r-patched-linux-x86_64 | 0.1.2 | 4.81 | 60.14 | 64.95 | NOTE | |
r-release-linux-x86_64 | 0.1.2 | 4.34 | 58.71 | 63.05 | NOTE | |
r-release-macos-arm64 | 0.1.2 | 29.00 | NOTE | |||
r-release-windows-x86_64 | 0.1.2 | 7.00 | 65.00 | 72.00 | NOTE | |
r-oldrel-macos-arm64 | 0.1.2 | 28.00 | NOTE | |||
r-oldrel-macos-x86_64 | 0.1.2 | 41.00 | NOTE | |||
r-oldrel-windows-x86_64 | 0.1.2 | 9.00 | 72.00 | 81.00 | NOTE |
Version: 0.1.2
Check: LazyData
Result: NOTE
'LazyData' is specified without a 'data' directory
Flavors: r-devel-linux-x86_64-debian-clang, r-devel-linux-x86_64-debian-gcc, r-devel-linux-x86_64-fedora-clang, r-devel-linux-x86_64-fedora-gcc, r-devel-windows-x86_64, r-patched-linux-x86_64, r-release-linux-x86_64, r-release-macos-arm64, r-release-windows-x86_64, r-oldrel-macos-arm64, r-oldrel-macos-x86_64, r-oldrel-windows-x86_64