Last updated on 2024-05-07 09:58:57 CEST.
Flavor | Version | Tinstall | Tcheck | Ttotal | Status | Flags |
---|---|---|---|---|---|---|
r-devel-linux-x86_64-debian-clang | 1.0.2 | 9.38 | 87.44 | 96.82 | OK | |
r-devel-linux-x86_64-debian-gcc | 1.0.2 | 6.63 | 66.65 | 73.28 | OK | |
r-devel-linux-x86_64-fedora-clang | 1.0.2 | 138.66 | OK | |||
r-devel-linux-x86_64-fedora-gcc | 1.0.2 | 142.74 | OK | |||
r-devel-windows-x86_64 | 1.0.2 | 14.00 | 105.00 | 119.00 | OK | |
r-patched-linux-x86_64 | 1.0.2 | 9.37 | 82.60 | 91.97 | OK | |
r-release-linux-x86_64 | 1.0.2 | 10.26 | 85.35 | 95.61 | OK | |
r-release-macos-arm64 | 1.0.2 | 46.00 | OK | |||
r-release-macos-x86_64 | 1.0.2 | 87.00 | NOTE | |||
r-release-windows-x86_64 | 1.0.2 | 14.00 | 105.00 | 119.00 | OK | |
r-oldrel-macos-arm64 | 1.0.2 | 56.00 | NOTE | |||
r-oldrel-macos-x86_64 | 1.0.2 | 49.00 | OK | |||
r-oldrel-windows-x86_64 | 1.0.2 | 14.00 | 133.00 | 147.00 | OK |
Version: 1.0.2
Check: package dependencies
Result: NOTE
Package suggested but not available for checking: ‘PSCBS’
Flavors: r-release-macos-x86_64, r-oldrel-macos-arm64
Version: 1.0.2
Check: Rd cross-references
Result: NOTE
Package unavailable to check Rd xrefs: ‘PSCBS’
Flavors: r-release-macos-x86_64, r-oldrel-macos-arm64