Last updated on 2024-05-07 21:48:30 CEST.
Flavor | Version | Tinstall | Tcheck | Ttotal | Status | Flags |
---|---|---|---|---|---|---|
r-devel-linux-x86_64-debian-clang | 1.0.4 | 4.03 | 31.53 | 35.56 | NOTE | |
r-devel-linux-x86_64-debian-gcc | 1.0.4 | 2.73 | 24.05 | 26.78 | NOTE | |
r-devel-linux-x86_64-fedora-clang | 1.0.4 | 48.43 | NOTE | |||
r-devel-linux-x86_64-fedora-gcc | 1.0.4 | 64.48 | NOTE | |||
r-devel-windows-x86_64 | 1.0.4 | 5.00 | 47.00 | 52.00 | NOTE | |
r-patched-linux-x86_64 | 1.0.4 | 2.49 | 30.61 | 33.10 | NOTE | |
r-release-linux-x86_64 | 1.0.4 | 2.26 | 30.32 | 32.58 | NOTE | |
r-release-macos-arm64 | 1.0.4 | 24.00 | NOTE | |||
r-release-windows-x86_64 | 1.0.4 | 5.00 | 47.00 | 52.00 | NOTE | |
r-oldrel-macos-arm64 | 1.0.4 | 26.00 | NOTE | |||
r-oldrel-macos-x86_64 | 1.0.4 | 35.00 | NOTE | |||
r-oldrel-windows-x86_64 | 1.0.4 | 5.00 | 52.00 | 57.00 | NOTE |
Version: 1.0.4
Check: LazyData
Result: NOTE
'LazyData' is specified without a 'data' directory
Flavors: r-devel-linux-x86_64-debian-clang, r-devel-linux-x86_64-debian-gcc, r-devel-linux-x86_64-fedora-clang, r-devel-linux-x86_64-fedora-gcc, r-devel-windows-x86_64, r-patched-linux-x86_64, r-release-linux-x86_64, r-release-macos-arm64, r-release-windows-x86_64, r-oldrel-macos-arm64, r-oldrel-macos-x86_64, r-oldrel-windows-x86_64