Last updated on 2024-05-04 09:49:39 CEST.
Flavor | Version | Tinstall | Tcheck | Ttotal | Status | Flags |
---|---|---|---|---|---|---|
r-devel-linux-x86_64-debian-clang | 0.2.2 | 4.34 | 40.39 | 44.73 | NOTE | |
r-devel-linux-x86_64-debian-gcc | 0.2.2 | 3.27 | 30.91 | 34.18 | NOTE | |
r-devel-linux-x86_64-fedora-clang | 0.2.2 | 58.98 | NOTE | |||
r-devel-linux-x86_64-fedora-gcc | 0.2.2 | 68.89 | NOTE | |||
r-devel-windows-x86_64 | 0.2.2 | 12.00 | 60.00 | 72.00 | NOTE | |
r-patched-linux-x86_64 | 0.2.2 | 4.71 | 39.39 | 44.10 | NOTE | |
r-release-linux-x86_64 | 0.2.2 | 4.14 | 38.47 | 42.61 | NOTE | |
r-release-macos-arm64 | 0.2.2 | 28.00 | NOTE | |||
r-release-windows-x86_64 | 0.2.2 | 9.00 | 59.00 | 68.00 | NOTE | |
r-oldrel-macos-arm64 | 0.2.2 | 32.00 | NOTE | |||
r-oldrel-macos-x86_64 | 0.2.2 | 43.00 | NOTE | |||
r-oldrel-windows-x86_64 | 0.2.2 | 11.00 | 60.00 | 71.00 | NOTE |
Version: 0.2.2
Check: LazyData
Result: NOTE
'LazyData' is specified without a 'data' directory
Flavors: r-devel-linux-x86_64-debian-clang, r-devel-linux-x86_64-debian-gcc, r-devel-linux-x86_64-fedora-clang, r-devel-linux-x86_64-fedora-gcc, r-devel-windows-x86_64, r-patched-linux-x86_64, r-release-linux-x86_64, r-release-macos-arm64, r-release-windows-x86_64, r-oldrel-macos-arm64, r-oldrel-macos-x86_64, r-oldrel-windows-x86_64
Version: 0.2.2
Check: compiled code
Result: NOTE
File ‘lazyeval/libs/lazyeval.so’:
Found non-API call to R: ‘R_PromiseExpr’
Compiled code should not call non-API entry points in R.
See ‘Writing portable packages’ in the ‘Writing R Extensions’ manual.
Flavors: r-devel-linux-x86_64-debian-clang, r-devel-linux-x86_64-debian-gcc, r-devel-linux-x86_64-fedora-clang, r-devel-linux-x86_64-fedora-gcc
Version: 0.2.2
Check: compiled code
Result: NOTE
File 'lazyeval/libs/x64/lazyeval.dll':
Found non-API call to R: 'R_PromiseExpr'
Compiled code should not call non-API entry points in R.
See 'Writing portable packages' in the 'Writing R Extensions' manual.
Flavor: r-devel-windows-x86_64