Last updated on 2024-05-08 01:48:17 CEST.
Flavor | Version | Tinstall | Tcheck | Ttotal | Status | Flags |
---|---|---|---|---|---|---|
r-devel-linux-x86_64-debian-clang | 0.1.0 | 6.91 | 74.25 | 81.16 | NOTE | |
r-devel-linux-x86_64-debian-gcc | 0.1.0 | 6.81 | 54.88 | 61.69 | NOTE | |
r-devel-linux-x86_64-fedora-clang | 0.1.0 | 105.69 | NOTE | |||
r-devel-linux-x86_64-fedora-gcc | 0.1.0 | 167.96 | NOTE | |||
r-devel-windows-x86_64 | 0.1.0 | 10.00 | 72.00 | 82.00 | NOTE | |
r-patched-linux-x86_64 | 0.1.0 | 14.45 | 68.47 | 82.92 | NOTE | |
r-release-linux-x86_64 | 0.1.0 | 5.39 | 69.26 | 74.65 | NOTE | |
r-release-macos-arm64 | 0.1.0 | 38.00 | NOTE | |||
r-release-windows-x86_64 | 0.1.0 | 9.00 | 72.00 | 81.00 | NOTE | |
r-oldrel-macos-arm64 | 0.1.0 | 34.00 | NOTE | |||
r-oldrel-macos-x86_64 | 0.1.0 | 60.00 | NOTE | |||
r-oldrel-windows-x86_64 | 0.1.0 | 10.00 | 79.00 | 89.00 | NOTE |
Version: 0.1.0
Check: LazyData
Result: NOTE
'LazyData' is specified without a 'data' directory
Flavors: r-devel-linux-x86_64-debian-clang, r-devel-linux-x86_64-debian-gcc, r-devel-linux-x86_64-fedora-clang, r-devel-linux-x86_64-fedora-gcc, r-devel-windows-x86_64, r-patched-linux-x86_64, r-release-linux-x86_64, r-release-macos-arm64, r-release-windows-x86_64, r-oldrel-macos-arm64, r-oldrel-macos-x86_64, r-oldrel-windows-x86_64