Last updated on 2024-05-07 09:58:58 CEST.
Flavor | Version | Tinstall | Tcheck | Ttotal | Status | Flags |
---|---|---|---|---|---|---|
r-devel-linux-x86_64-debian-clang | 0.2.3 | 2.24 | 25.59 | 27.83 | ERROR | |
r-devel-linux-x86_64-debian-gcc | 0.2.3 | 1.76 | 54.65 | 56.41 | OK | |
r-devel-linux-x86_64-fedora-clang | 0.2.3 | 104.66 | OK | |||
r-devel-linux-x86_64-fedora-gcc | 0.2.3 | 117.43 | OK | |||
r-devel-windows-x86_64 | 0.2.3 | 3.00 | 78.00 | 81.00 | OK | |
r-patched-linux-x86_64 | 0.2.3 | 1.79 | 71.43 | 73.22 | OK | |
r-release-linux-x86_64 | 0.2.3 | 1.79 | 69.74 | 71.53 | OK | |
r-release-macos-arm64 | 0.2.3 | 39.00 | OK | |||
r-release-windows-x86_64 | 0.2.3 | 4.00 | 76.00 | 80.00 | OK | |
r-oldrel-macos-arm64 | 0.2.3 | 50.00 | OK | |||
r-oldrel-macos-x86_64 | 0.2.3 | 78.00 | OK | |||
r-oldrel-windows-x86_64 | 0.2.3 | 4.00 | 86.00 | 90.00 | OK |
Version: 0.2.3
Check: package dependencies
Result: NOTE
Packages suggested but not available for checking:
'DESeq2', 'SummarizedExperiment'
Flavor: r-devel-linux-x86_64-debian-clang
Version: 0.2.3
Check: re-building of vignette outputs
Result: ERROR
Error(s) in re-building vignettes:
...
--- re-building ‘lfc_vignette.Rmd’ using rmarkdown
Quitting from lines at lines 35-47 [unnamed-chunk-1] (lfc_vignette.Rmd)
Error: processing vignette 'lfc_vignette.Rmd' failed with diagnostics:
there is no package called 'DESeq2'
--- failed re-building ‘lfc_vignette.Rmd’
SUMMARY: processing the following file failed:
‘lfc_vignette.Rmd’
Error: Vignette re-building failed.
Execution halted
Flavor: r-devel-linux-x86_64-debian-clang