Last updated on 2024-05-07 21:48:30 CEST.
Flavor | Version | Tinstall | Tcheck | Ttotal | Status | Flags |
---|---|---|---|---|---|---|
r-devel-linux-x86_64-debian-clang | 1.2.4 | 673.37 | 282.95 | 956.32 | NOTE | |
r-devel-linux-x86_64-debian-gcc | 1.2.4 | 591.71 | 255.01 | 846.72 | NOTE | |
r-devel-linux-x86_64-fedora-clang | 1.2.4 | 1152.94 | NOTE | |||
r-devel-linux-x86_64-fedora-gcc | 1.2.4 | 1735.72 | NOTE | |||
r-devel-windows-x86_64 | 1.2.4 | 513.00 | 267.00 | 780.00 | NOTE | |
r-patched-linux-x86_64 | 1.2.4 | 520.40 | 340.94 | 861.34 | NOTE | |
r-release-linux-x86_64 | 1.2.4 | 568.97 | 342.02 | 910.99 | NOTE | |
r-release-macos-arm64 | 1.2.4 | 282.00 | NOTE | |||
r-release-windows-x86_64 | 1.2.4 | 498.00 | 260.00 | 758.00 | NOTE | |
r-oldrel-macos-arm64 | 1.2.4 | 350.00 | NOTE | |||
r-oldrel-macos-x86_64 | 1.2.4 | 628.00 | NOTE | |||
r-oldrel-windows-x86_64 | 1.2.4 | 641.00 | 326.00 | 967.00 | NOTE |
Version: 1.2.4
Check: Rd files
Result: NOTE
checkRd: (-1) prior_to_num.Rd:13: Lost braces; missing escapes or markup?
13 | {'uniform', 'normal', 'student-t', 'gamma', 'inv-gamma', 'log-normal'}
| ^
Flavors: r-devel-linux-x86_64-debian-clang, r-devel-linux-x86_64-debian-gcc, r-devel-linux-x86_64-fedora-clang, r-devel-linux-x86_64-fedora-gcc, r-devel-windows-x86_64, r-patched-linux-x86_64, r-release-linux-x86_64, r-release-macos-arm64, r-release-windows-x86_64
Version: 1.2.4
Check: for GNU extensions in Makefiles
Result: NOTE
GNU make is a SystemRequirements.
Flavors: r-devel-linux-x86_64-debian-clang, r-devel-linux-x86_64-debian-gcc, r-devel-linux-x86_64-fedora-clang, r-devel-linux-x86_64-fedora-gcc, r-devel-windows-x86_64, r-patched-linux-x86_64, r-release-linux-x86_64, r-release-macos-arm64, r-release-windows-x86_64, r-oldrel-macos-arm64, r-oldrel-macos-x86_64, r-oldrel-windows-x86_64
Version: 1.2.4
Check: installed package size
Result: NOTE
installed size is 7.1Mb
sub-directories of 1Mb or more:
libs 5.8Mb
Flavors: r-devel-linux-x86_64-fedora-clang, r-devel-windows-x86_64, r-release-macos-arm64, r-release-windows-x86_64, r-oldrel-macos-arm64, r-oldrel-macos-x86_64, r-oldrel-windows-x86_64