Last updated on 2024-05-06 01:48:26 CEST.
Flavor | Version | Tinstall | Tcheck | Ttotal | Status | Flags |
---|---|---|---|---|---|---|
r-devel-linux-x86_64-debian-clang | 0.2.4 | 0.43 | 2.13 | 2.56 | ERROR | |
r-devel-linux-x86_64-debian-gcc | 0.2.4 | 22.91 | 183.27 | 206.18 | OK | |
r-devel-linux-x86_64-fedora-clang | 0.2.4 | 372.28 | OK | |||
r-devel-linux-x86_64-fedora-gcc | 0.2.4 | 323.45 | OK | |||
r-devel-windows-x86_64 | 0.2.4 | 21.00 | 173.00 | 194.00 | OK | |
r-patched-linux-x86_64 | 0.2.4 | 15.94 | 237.27 | 253.21 | OK | |
r-release-linux-x86_64 | 0.2.4 | 17.21 | 233.80 | 251.01 | OK | |
r-release-macos-arm64 | 0.2.4 | 82.00 | OK | |||
r-release-macos-x86_64 | 0.2.4 | 171.00 | OK | |||
r-release-windows-x86_64 | 0.2.4 | 24.00 | 172.00 | 196.00 | OK | |
r-oldrel-macos-arm64 | 0.2.4 | 96.00 | OK | |||
r-oldrel-macos-x86_64 | 0.2.4 | 178.00 | OK | |||
r-oldrel-windows-x86_64 | 0.2.4 | 29.00 | 218.00 | 247.00 | OK |
Version: 0.2.4
Check: package dependencies
Result: ERROR
Package required but not available: ‘genefilter’
See section ‘The DESCRIPTION file’ in the ‘Writing R Extensions’
manual.
Flavor: r-devel-linux-x86_64-debian-clang