Last updated on 2024-05-08 01:48:18 CEST.
Flavor | Version | Tinstall | Tcheck | Ttotal | Status | Flags |
---|---|---|---|---|---|---|
r-devel-linux-x86_64-debian-clang | 0.4.3 | 3.55 | 47.47 | 51.02 | OK | |
r-devel-linux-x86_64-debian-gcc | 0.4.3 | 2.68 | 36.62 | 39.30 | OK | |
r-devel-linux-x86_64-fedora-clang | 0.4.3 | 64.54 | OK | |||
r-devel-linux-x86_64-fedora-gcc | 0.4.3 | 92.48 | OK | |||
r-devel-windows-x86_64 | 0.4.3 | 5.00 | 65.00 | 70.00 | NOTE | |
r-patched-linux-x86_64 | 0.4.3 | 3.25 | 45.20 | 48.45 | OK | |
r-release-linux-x86_64 | 0.4.3 | 2.86 | 44.37 | 47.23 | OK | |
r-release-macos-arm64 | 0.4.3 | 34.00 | OK | |||
r-release-windows-x86_64 | 0.4.3 | 8.00 | 65.00 | 73.00 | NOTE | |
r-oldrel-macos-arm64 | 0.4.3 | 36.00 | OK | |||
r-oldrel-macos-x86_64 | 0.4.3 | 52.00 | OK | |||
r-oldrel-windows-x86_64 | 0.4.3 | 8.00 | 68.00 | 76.00 | NOTE |
Version: 0.4.3
Check: package dependencies
Result: NOTE
Package suggested but not available for checking: 'rsyslog'
Flavors: r-devel-windows-x86_64, r-release-windows-x86_64, r-oldrel-windows-x86_64