Last updated on 2024-05-08 01:48:18 CEST.
Flavor | Version | Tinstall | Tcheck | Ttotal | Status | Flags |
---|---|---|---|---|---|---|
r-devel-linux-x86_64-debian-clang | 1.0.1 | 3.81 | 27.28 | 31.09 | OK | |
r-devel-linux-x86_64-debian-gcc | 1.0.1 | 2.95 | 21.44 | 24.39 | OK | |
r-devel-linux-x86_64-fedora-clang | 1.0.1 | 39.55 | NOTE | |||
r-devel-linux-x86_64-fedora-gcc | 1.0.1 | 44.44 | OK | |||
r-devel-windows-x86_64 | 1.0.1 | 6.00 | 48.00 | 54.00 | OK | |
r-patched-linux-x86_64 | 1.0.1 | 4.02 | 27.17 | 31.19 | OK | |
r-release-linux-x86_64 | 1.0.1 | 3.86 | 26.95 | 30.81 | OK | |
r-release-macos-arm64 | 1.0.1 | 18.00 | OK | |||
r-release-windows-x86_64 | 1.0.1 | 6.00 | 47.00 | 53.00 | OK | |
r-oldrel-macos-arm64 | 1.0.1 | 20.00 | OK | |||
r-oldrel-macos-x86_64 | 1.0.1 | 44.00 | OK | |||
r-oldrel-windows-x86_64 | 1.0.1 | 7.00 | 47.00 | 54.00 | OK |
Version: 1.0.1
Check: Rd cross-references
Result: NOTE
Undeclared packages ‘CompQuadForm’, ‘car’ in Rd xrefs
Flavor: r-devel-linux-x86_64-fedora-clang