Last updated on 2024-05-04 13:49:11 CEST.
Flavor | Version | Tinstall | Tcheck | Ttotal | Status | Flags |
---|---|---|---|---|---|---|
r-devel-linux-x86_64-debian-clang | 2.2 | 4.91 | 53.79 | 58.70 | NOTE | |
r-devel-linux-x86_64-debian-gcc | 2.2 | 3.00 | 39.72 | 42.72 | NOTE | |
r-devel-linux-x86_64-fedora-clang | 2.2 | 71.15 | NOTE | |||
r-devel-linux-x86_64-fedora-gcc | 2.2 | 68.32 | NOTE | |||
r-devel-windows-x86_64 | 2.2 | 4.00 | 60.00 | 64.00 | NOTE | |
r-patched-linux-x86_64 | 2.2 | 4.05 | 51.84 | 55.89 | NOTE | |
r-release-linux-x86_64 | 2.2 | 4.23 | 51.61 | 55.84 | NOTE | |
r-release-macos-arm64 | 2.2 | 22.00 | NOTE | |||
r-release-windows-x86_64 | 2.2 | 5.00 | 57.00 | 62.00 | NOTE | |
r-oldrel-macos-arm64 | 2.2 | 23.00 | NOTE | |||
r-oldrel-macos-x86_64 | 2.2 | 39.00 | NOTE | |||
r-oldrel-windows-x86_64 | 2.2 | 5.00 | 66.00 | 71.00 | NOTE |
Version: 2.2
Check: Rd files
Result: NOTE
checkRd: (-1) marima.Rd:28: Lost braces; missing escapes or markup?
28 | ( if(is.ts(DATA)) { DATA <- as.matrix(data.frame(DATA)) } and a message
| ^
checkRd: (-1) marima.Rd:223: Escaped LaTeX specials: \&
Flavors: r-devel-linux-x86_64-debian-clang, r-devel-linux-x86_64-debian-gcc, r-devel-linux-x86_64-fedora-clang, r-devel-linux-x86_64-fedora-gcc, r-devel-windows-x86_64, r-patched-linux-x86_64, r-release-linux-x86_64, r-release-macos-arm64, r-release-windows-x86_64
Version: 2.2
Check: Rd files
Result: NOTE
checkRd: (-1) marima.Rd:223: Escaped LaTeX specials: \&
Flavors: r-oldrel-macos-arm64, r-oldrel-macos-x86_64, r-oldrel-windows-x86_64