Last updated on 2024-05-07 13:51:54 CEST.
Flavor | Version | Tinstall | Tcheck | Ttotal | Status | Flags |
---|---|---|---|---|---|---|
r-devel-linux-x86_64-debian-clang | 0.0.4 | 3.66 | 34.95 | 38.61 | NOTE | |
r-devel-linux-x86_64-debian-gcc | 0.0.4 | 2.74 | 26.00 | 28.74 | NOTE | |
r-devel-linux-x86_64-fedora-clang | 0.0.4 | 48.33 | NOTE | |||
r-devel-linux-x86_64-fedora-gcc | 0.0.4 | 53.78 | NOTE | |||
r-devel-windows-x86_64 | 0.0.4 | 3.00 | 45.00 | 48.00 | NOTE | |
r-patched-linux-x86_64 | 0.0.4 | 2.98 | 33.29 | 36.27 | NOTE | |
r-release-linux-x86_64 | 0.0.4 | 3.17 | 32.04 | 35.21 | NOTE | |
r-release-macos-arm64 | 0.0.4 | 18.00 | NOTE | |||
r-release-windows-x86_64 | 0.0.4 | 3.00 | 44.00 | 47.00 | NOTE | |
r-oldrel-macos-arm64 | 0.0.4 | 19.00 | NOTE | |||
r-oldrel-macos-x86_64 | 0.0.4 | 26.00 | NOTE | |||
r-oldrel-windows-x86_64 | 0.0.4 | 3.00 | 47.00 | 50.00 | NOTE |
Version: 0.0.4
Check: package dependencies
Result: NOTE
Package suggested but not available for checking: ‘RGtk2’
Flavors: r-devel-linux-x86_64-debian-clang, r-devel-linux-x86_64-debian-gcc, r-devel-linux-x86_64-fedora-clang, r-devel-linux-x86_64-fedora-gcc, r-devel-windows-x86_64, r-patched-linux-x86_64, r-release-linux-x86_64, r-release-macos-arm64, r-release-windows-x86_64, r-oldrel-macos-arm64, r-oldrel-macos-x86_64, r-oldrel-windows-x86_64
Version: 0.0.4
Check: LazyData
Result: NOTE
'LazyData' is specified without a 'data' directory
Flavors: r-devel-linux-x86_64-debian-clang, r-devel-linux-x86_64-debian-gcc, r-devel-linux-x86_64-fedora-clang, r-devel-linux-x86_64-fedora-gcc, r-devel-windows-x86_64, r-patched-linux-x86_64, r-release-linux-x86_64, r-release-macos-arm64, r-release-windows-x86_64, r-oldrel-macos-arm64, r-oldrel-macos-x86_64, r-oldrel-windows-x86_64