Last updated on 2024-05-07 21:48:31 CEST.
Flavor | Version | Tinstall | Tcheck | Ttotal | Status | Flags |
---|---|---|---|---|---|---|
r-devel-linux-x86_64-debian-clang | 2020.6-17 | 6.87 | 74.83 | 81.70 | NOTE | |
r-devel-linux-x86_64-debian-gcc | 2020.6-17 | 6.38 | 55.56 | 61.94 | NOTE | |
r-devel-linux-x86_64-fedora-clang | 2020.6-17 | 107.81 | NOTE | |||
r-devel-linux-x86_64-fedora-gcc | 2020.6-17 | 112.14 | NOTE | |||
r-devel-windows-x86_64 | 2020.6-17 | 1.00 | 5.00 | 6.00 | ERROR | |
r-patched-linux-x86_64 | 2020.6-17 | 7.86 | 69.34 | 77.20 | NOTE | |
r-release-linux-x86_64 | 2020.6-17 | 7.79 | 71.53 | 79.32 | NOTE | |
r-release-macos-arm64 | 2020.6-17 | 36.00 | NOTE | |||
r-release-windows-x86_64 | 2020.6-17 | 7.00 | 70.00 | 77.00 | NOTE | |
r-oldrel-macos-arm64 | 2020.6-17 | 37.00 | NOTE | |||
r-oldrel-macos-x86_64 | 2020.6-17 | 63.00 | NOTE | |||
r-oldrel-windows-x86_64 | 2020.6-17 | 6.00 | 82.00 | 88.00 | NOTE |
Version: 2020.6-17
Check: package dependencies
Result: NOTE
Package suggested but not available for checking: ‘MethylCapSig’
Flavors: r-devel-linux-x86_64-debian-clang, r-devel-linux-x86_64-debian-gcc, r-devel-linux-x86_64-fedora-clang, r-devel-linux-x86_64-fedora-gcc, r-devel-windows-x86_64, r-patched-linux-x86_64, r-release-linux-x86_64, r-release-macos-arm64, r-release-windows-x86_64, r-oldrel-macos-arm64, r-oldrel-macos-x86_64, r-oldrel-windows-x86_64
Version: 2020.6-17
Check: LazyData
Result: NOTE
'LazyData' is specified without a 'data' directory
Flavors: r-devel-linux-x86_64-debian-clang, r-devel-linux-x86_64-debian-gcc, r-devel-linux-x86_64-fedora-clang, r-devel-linux-x86_64-fedora-gcc, r-patched-linux-x86_64, r-release-linux-x86_64, r-release-macos-arm64, r-release-windows-x86_64, r-oldrel-macos-arm64, r-oldrel-macos-x86_64, r-oldrel-windows-x86_64
Version: 2020.6-17
Check: whether package can be installed
Result: ERROR
Installation failed.
Flavor: r-devel-windows-x86_64