Last updated on 2024-05-08 01:48:19 CEST.
Flavor | Version | Tinstall | Tcheck | Ttotal | Status | Flags |
---|---|---|---|---|---|---|
r-devel-linux-x86_64-debian-clang | 0.5 | 12.90 | 106.68 | 119.58 | NOTE | |
r-devel-linux-x86_64-debian-gcc | 0.5 | 8.79 | 78.64 | 87.43 | NOTE | |
r-devel-linux-x86_64-fedora-clang | 0.5 | 144.53 | NOTE | |||
r-devel-linux-x86_64-fedora-gcc | 0.5 | 196.45 | NOTE | |||
r-devel-windows-x86_64 | 0.5 | 10.00 | 95.00 | 105.00 | NOTE | |
r-patched-linux-x86_64 | 0.5 | 13.78 | 102.20 | 115.98 | NOTE | |
r-release-linux-x86_64 | 0.5 | 11.27 | 103.84 | 115.11 | NOTE | |
r-release-macos-arm64 | 0.5 | 39.00 | NOTE | |||
r-release-windows-x86_64 | 0.5 | 11.00 | 94.00 | 105.00 | NOTE | |
r-oldrel-macos-arm64 | 0.5 | 50.00 | NOTE | |||
r-oldrel-macos-x86_64 | 0.5 | 75.00 | NOTE | |||
r-oldrel-windows-x86_64 | 0.5 | 14.00 | 113.00 | 127.00 | NOTE |
Version: 0.5
Check: LazyData
Result: NOTE
'LazyData' is specified without a 'data' directory
Flavors: r-devel-linux-x86_64-debian-clang, r-devel-linux-x86_64-debian-gcc, r-devel-linux-x86_64-fedora-clang, r-devel-linux-x86_64-fedora-gcc, r-devel-windows-x86_64, r-patched-linux-x86_64, r-release-linux-x86_64, r-release-macos-arm64, r-release-windows-x86_64, r-oldrel-macos-arm64, r-oldrel-macos-x86_64, r-oldrel-windows-x86_64