Last updated on 2024-05-07 21:48:31 CEST.
Flavor | Version | Tinstall | Tcheck | Ttotal | Status | Flags |
---|---|---|---|---|---|---|
r-devel-linux-x86_64-debian-clang | 0.2-2 | 6.86 | 51.68 | 58.54 | OK | |
r-devel-linux-x86_64-debian-gcc | 0.2-2 | 4.07 | 37.59 | 41.66 | OK | |
r-devel-linux-x86_64-fedora-clang | 0.2-2 | 72.63 | NOTE | |||
r-devel-linux-x86_64-fedora-gcc | 0.2-2 | 88.33 | NOTE | |||
r-devel-windows-x86_64 | 0.2-2 | 6.00 | 62.00 | 68.00 | OK | |
r-patched-linux-x86_64 | 0.2-2 | 6.40 | 48.77 | 55.17 | OK | |
r-release-linux-x86_64 | 0.2-2 | 3.33 | 49.26 | 52.59 | OK | |
r-release-macos-arm64 | 0.2-2 | 28.00 | OK | |||
r-release-windows-x86_64 | 0.2-2 | 6.00 | 61.00 | 67.00 | OK | |
r-oldrel-macos-arm64 | 0.2-2 | 32.00 | OK | |||
r-oldrel-macos-x86_64 | 0.2-2 | 39.00 | OK | |||
r-oldrel-windows-x86_64 | 0.2-2 | 7.00 | 65.00 | 72.00 | OK |
Version: 0.2-2
Check: dependencies in R code
Result: NOTE
Namespace in Imports field not imported from: ‘dplyr’
All declared Imports should be used.
Flavors: r-devel-linux-x86_64-fedora-clang, r-devel-linux-x86_64-fedora-gcc