Last updated on 2024-05-07 06:11:43 CEST.
Flavor | Version | Tinstall | Tcheck | Ttotal | Status | Flags |
---|---|---|---|---|---|---|
r-devel-linux-x86_64-debian-clang | 3.1.3 | 4.47 | 47.92 | 52.39 | NOTE | |
r-devel-linux-x86_64-debian-gcc | 3.1.3 | 2.88 | 35.96 | 38.84 | OK | |
r-devel-linux-x86_64-fedora-clang | 3.1.3 | 69.21 | OK | |||
r-devel-linux-x86_64-fedora-gcc | 3.1.3 | 93.84 | OK | |||
r-devel-windows-x86_64 | 3.1.3 | 5.00 | 74.00 | 79.00 | OK | |
r-patched-linux-x86_64 | 3.1.3 | 4.93 | 46.21 | 51.14 | OK | |
r-release-linux-x86_64 | 3.1.3 | 3.39 | 45.74 | 49.13 | OK | |
r-release-macos-arm64 | 3.1.3 | 29.00 | NOTE | |||
r-release-macos-x86_64 | 3.1.3 | 51.00 | OK | |||
r-release-windows-x86_64 | 3.1.3 | 4.00 | 73.00 | 77.00 | OK | |
r-oldrel-macos-arm64 | 3.1.3 | 30.00 | NOTE | |||
r-oldrel-macos-x86_64 | 3.1.3 | 45.00 | NOTE | |||
r-oldrel-windows-x86_64 | 3.1.3 | 4.00 | 72.00 | 76.00 | OK |
Version: 3.1.3
Check: package dependencies
Result: NOTE
Packages suggested but not available for checking:
'org.Hs.eg.db', 'annaffy', 'hgu133plus2.db', 'hgu133a.db',
'hgu95av2.db'
Flavors: r-devel-linux-x86_64-debian-clang, r-oldrel-macos-x86_64
Version: 3.1.3
Check: package dependencies
Result: NOTE
Packages suggested but not available for checking:
'hgu133plus2.db', 'hgu133a.db', 'hgu95av2.db'
Flavor: r-release-macos-arm64
Version: 3.1.3
Check: package dependencies
Result: NOTE
Packages suggested but not available for checking:
'GEOquery', 'annaffy', 'hgu133plus2.db', 'hgu133a.db', 'hgu95av2.db'
Flavor: r-oldrel-macos-arm64