Last updated on 2024-05-02 21:52:49 CEST.
Flavor | Version | Tinstall | Tcheck | Ttotal | Status | Flags |
---|---|---|---|---|---|---|
r-devel-linux-x86_64-debian-clang | 4.2.0 | 20.25 | 104.17 | 124.42 | NOTE | |
r-devel-linux-x86_64-debian-gcc | 4.2.0 | 13.15 | 72.13 | 85.28 | NOTE | |
r-devel-linux-x86_64-fedora-clang | 4.2.0 | 146.86 | NOTE | |||
r-devel-linux-x86_64-fedora-gcc | 4.2.0 | 139.39 | NOTE | |||
r-devel-windows-x86_64 | 4.2.0 | 16.00 | 88.00 | 104.00 | NOTE | |
r-patched-linux-x86_64 | 4.2.0 | 17.11 | 97.49 | 114.60 | NOTE | |
r-release-linux-x86_64 | 4.2.0 | 13.64 | 97.03 | 110.67 | NOTE | |
r-release-macos-arm64 | 4.2.0 | 38.00 | NOTE | |||
r-release-windows-x86_64 | 4.2.0 | 16.00 | 85.00 | 101.00 | NOTE | |
r-oldrel-macos-arm64 | 4.2.0 | 40.00 | OK | |||
r-oldrel-macos-x86_64 | 4.2.0 | 64.00 | OK | |||
r-oldrel-windows-x86_64 | 4.2.0 | 20.00 | 110.00 | 130.00 | OK |
Version: 4.2.0
Check: Rd files
Result: NOTE
checkRd: (-1) simpopmlx.Rd:21: Lost braces; missing escapes or markup?
21 | \item{fim}{the Fisher Information Matrix estimated by Monolix. fim={"sa", "lin"} (default="sa")}
| ^
Flavors: r-devel-linux-x86_64-debian-clang, r-devel-linux-x86_64-debian-gcc, r-devel-linux-x86_64-fedora-clang, r-devel-linux-x86_64-fedora-gcc, r-devel-windows-x86_64, r-patched-linux-x86_64, r-release-linux-x86_64, r-release-macos-arm64, r-release-windows-x86_64