Last updated on 2024-05-07 13:51:55 CEST.
Flavor | Version | Tinstall | Tcheck | Ttotal | Status | Flags |
---|---|---|---|---|---|---|
r-devel-linux-x86_64-debian-clang | 0.1.2 | 5.73 | 63.48 | 69.21 | OK | |
r-devel-linux-x86_64-debian-gcc | 0.1.2 | 3.62 | 47.44 | 51.06 | OK | |
r-devel-linux-x86_64-fedora-clang | 0.1.2 | 88.16 | OK | |||
r-devel-linux-x86_64-fedora-gcc | 0.1.2 | 103.75 | OK | |||
r-devel-windows-x86_64 | 0.1.2 | 5.00 | 70.00 | 75.00 | OK | |
r-patched-linux-x86_64 | 0.1.2 | 4.60 | 61.74 | 66.34 | OK | |
r-release-linux-x86_64 | 0.1.2 | 4.13 | 62.23 | 66.36 | OK | |
r-release-macos-arm64 | 0.1.2 | 32.00 | OK | |||
r-release-windows-x86_64 | 0.1.2 | 5.00 | 69.00 | 74.00 | OK | |
r-oldrel-macos-arm64 | 0.1.2 | 36.00 | OK | |||
r-oldrel-macos-x86_64 | 0.1.2 | 46.00 | NOTE | |||
r-oldrel-windows-x86_64 | 0.1.2 | 5.00 | 78.00 | 83.00 | OK |
Version: 0.1.2
Check: package dependencies
Result: NOTE
Package suggested but not available for checking: ‘survey’
Flavor: r-oldrel-macos-x86_64