Last updated on 2024-05-06 01:48:29 CEST.
Flavor | Version | Tinstall | Tcheck | Ttotal | Status | Flags |
---|---|---|---|---|---|---|
r-devel-linux-x86_64-debian-clang | 3.0-0 | 7.01 | 319.34 | 326.35 | NOTE | |
r-devel-linux-x86_64-debian-gcc | 3.0-0 | 5.88 | 211.41 | 217.29 | NOTE | |
r-devel-linux-x86_64-fedora-clang | 3.0-0 | 392.01 | NOTE | |||
r-devel-linux-x86_64-fedora-gcc | 3.0-0 | 372.21 | NOTE | |||
r-devel-windows-x86_64 | 3.0-0 | 6.00 | 224.00 | 230.00 | NOTE | |
r-patched-linux-x86_64 | 3.0-0 | 5.58 | 291.25 | 296.83 | NOTE | |
r-release-linux-x86_64 | 3.0-0 | 8.11 | 286.54 | 294.65 | NOTE | |
r-release-macos-arm64 | 3.0-0 | 89.00 | NOTE | |||
r-release-windows-x86_64 | 3.0-0 | 7.00 | 228.00 | 235.00 | NOTE | |
r-oldrel-macos-arm64 | 3.0-0 | 96.00 | OK | |||
r-oldrel-macos-x86_64 | 3.0-0 | 158.00 | OK | |||
r-oldrel-windows-x86_64 | 3.0-0 | 10.00 | 278.00 | 288.00 | OK |
Version: 3.0-0
Check: Rd files
Result: NOTE
checkRd: (-1) plotLociHC.Rd:55: Lost braces; missing escapes or markup?
55 | If \code{value} is one of {0.2,0.4,0.6,0.8,1,2,3,4,5,6,7,8,9,10}
| ^
Flavors: r-devel-linux-x86_64-debian-clang, r-devel-linux-x86_64-debian-gcc, r-devel-linux-x86_64-fedora-clang, r-devel-linux-x86_64-fedora-gcc, r-devel-windows-x86_64, r-patched-linux-x86_64, r-release-linux-x86_64, r-release-macos-arm64, r-release-windows-x86_64