Last updated on 2024-05-08 01:48:20 CEST.
Flavor | Version | Tinstall | Tcheck | Ttotal | Status | Flags |
---|---|---|---|---|---|---|
r-devel-linux-x86_64-debian-clang | 0.1.2 | 32.44 | 78.67 | 111.11 | NOTE | |
r-devel-linux-x86_64-debian-gcc | 0.1.2 | 28.81 | 56.63 | 85.44 | NOTE | |
r-devel-linux-x86_64-fedora-clang | 0.1.2 | 149.39 | NOTE | |||
r-devel-linux-x86_64-fedora-gcc | 0.1.2 | 201.61 | NOTE | |||
r-devel-windows-x86_64 | 0.1.2 | 30.00 | 95.00 | 125.00 | NOTE | |
r-patched-linux-x86_64 | 0.1.2 | 39.43 | 70.74 | 110.17 | NOTE | |
r-release-linux-x86_64 | 0.1.2 | 31.25 | 70.87 | 102.12 | NOTE | |
r-release-macos-arm64 | 0.1.2 | 36.00 | NOTE | |||
r-release-windows-x86_64 | 0.1.2 | 30.00 | 92.00 | 122.00 | NOTE | |
r-oldrel-macos-arm64 | 0.1.2 | 44.00 | NOTE | |||
r-oldrel-macos-x86_64 | 0.1.2 | 76.00 | NOTE | |||
r-oldrel-windows-x86_64 | 0.1.2 | 37.00 | 113.00 | 150.00 | NOTE |
Version: 0.1.2
Check: C++ specification
Result: NOTE
Specified C++11: please drop specification unless essential
Flavors: r-devel-linux-x86_64-debian-clang, r-devel-linux-x86_64-debian-gcc, r-devel-linux-x86_64-fedora-clang, r-devel-linux-x86_64-fedora-gcc, r-devel-windows-x86_64, r-patched-linux-x86_64, r-release-linux-x86_64, r-release-macos-arm64, r-release-windows-x86_64, r-oldrel-macos-arm64, r-oldrel-macos-x86_64, r-oldrel-windows-x86_64