Last updated on 2024-05-07 17:50:13 CEST.
Flavor | Version | Tinstall | Tcheck | Ttotal | Status | Flags |
---|---|---|---|---|---|---|
r-devel-linux-x86_64-debian-clang | 2.0 | 4.48 | 50.25 | 54.73 | OK | |
r-devel-linux-x86_64-debian-gcc | 2.0 | 4.22 | 37.23 | 41.45 | OK | |
r-devel-linux-x86_64-fedora-clang | 2.0 | 68.66 | NOTE | |||
r-devel-linux-x86_64-fedora-gcc | 2.0 | 128.23 | NOTE | |||
r-devel-windows-x86_64 | 2.0 | 6.00 | 69.00 | 75.00 | OK | |
r-patched-linux-x86_64 | 2.0 | 5.11 | 46.91 | 52.02 | OK | |
r-release-linux-x86_64 | 2.0 | 5.25 | 47.33 | 52.58 | OK | |
r-release-macos-arm64 | 2.0 | 40.00 | OK | |||
r-release-windows-x86_64 | 2.0 | 7.00 | 65.00 | 72.00 | OK | |
r-oldrel-macos-arm64 | 2.0 | 35.00 | OK | |||
r-oldrel-macos-x86_64 | 2.0 | 70.00 | OK | |||
r-oldrel-windows-x86_64 | 2.0 | 7.00 | 70.00 | 77.00 | OK |
Version: 2.0
Check: dependencies in R code
Result: NOTE
Namespaces in Imports field not imported from:
‘quickcode’ ‘utils’
All declared Imports should be used.
Flavors: r-devel-linux-x86_64-fedora-clang, r-devel-linux-x86_64-fedora-gcc