Last updated on 2024-05-07 09:59:01 CEST.
Flavor | Version | Tinstall | Tcheck | Ttotal | Status | Flags |
---|---|---|---|---|---|---|
r-devel-linux-x86_64-debian-clang | 2.2.1 | 399.34 | 252.94 | 652.28 | OK | |
r-devel-linux-x86_64-debian-gcc | 2.2.1 | 318.22 | 183.46 | 501.68 | OK | |
r-devel-linux-x86_64-fedora-clang | 2.2.1 | 879.52 | OK | |||
r-devel-linux-x86_64-fedora-gcc | 2.2.1 | 1020.53 | OK | |||
r-devel-windows-x86_64 | 2.2.1 | 326.00 | 245.00 | 571.00 | OK | |
r-patched-linux-x86_64 | 2.2.1 | 397.70 | 238.07 | 635.77 | OK | |
r-release-linux-x86_64 | 2.2.1 | 398.24 | 240.84 | 639.08 | OK | |
r-release-macos-arm64 | 2.2.1 | 172.00 | NOTE | |||
r-release-macos-x86_64 | 2.2.1 | 327.00 | NOTE | |||
r-release-windows-x86_64 | 2.2.1 | 322.00 | 245.00 | 567.00 | OK | |
r-oldrel-macos-arm64 | 2.2.1 | 183.00 | NOTE | |||
r-oldrel-macos-x86_64 | 2.2.1 | 290.00 | NOTE | |||
r-oldrel-windows-x86_64 | 2.2.1 | 394.00 | 302.00 | 696.00 | OK |
Version: 2.2.1
Check: installed package size
Result: NOTE
installed size is 19.5Mb
sub-directories of 1Mb or more:
libs 18.0Mb
Flavors: r-release-macos-arm64, r-release-macos-x86_64, r-oldrel-macos-arm64, r-oldrel-macos-x86_64