Last updated on 2024-05-07 06:11:45 CEST.
Flavor | Version | Tinstall | Tcheck | Ttotal | Status | Flags |
---|---|---|---|---|---|---|
r-devel-linux-x86_64-debian-clang | 1.0.0 | 120.88 | 112.85 | 233.73 | OK | |
r-devel-linux-x86_64-debian-gcc | 1.0.0 | 99.98 | 85.01 | 184.99 | OK | |
r-devel-linux-x86_64-fedora-clang | 1.0.0 | 339.82 | OK | |||
r-devel-linux-x86_64-fedora-gcc | 1.0.0 | 404.98 | OK | |||
r-devel-windows-x86_64 | 1.0.0 | 108.00 | 125.00 | 233.00 | OK | |
r-patched-linux-x86_64 | 1.0.0 | 120.09 | 108.54 | 228.63 | OK | |
r-release-linux-x86_64 | 1.0.0 | 90.24 | 104.65 | 194.89 | OK | |
r-release-macos-arm64 | 1.0.0 | 77.00 | NOTE | |||
r-release-windows-x86_64 | 1.0.0 | 110.00 | 123.00 | 233.00 | OK | |
r-oldrel-macos-arm64 | 1.0.0 | 104.00 | NOTE | |||
r-oldrel-macos-x86_64 | 1.0.0 | 135.00 | NOTE | |||
r-oldrel-windows-x86_64 | 1.0.0 | 134.00 | 145.00 | 279.00 | OK |
Version: 1.0.0
Check: installed package size
Result: NOTE
installed size is 5.8Mb
sub-directories of 1Mb or more:
libs 5.0Mb
Flavors: r-release-macos-arm64, r-oldrel-macos-arm64, r-oldrel-macos-x86_64