Last updated on 2024-05-07 17:50:14 CEST.
Flavor | Version | Tinstall | Tcheck | Ttotal | Status | Flags |
---|---|---|---|---|---|---|
r-devel-linux-x86_64-debian-clang | 1.0.0 | 13.26 | 25.69 | 38.95 | OK | |
r-devel-linux-x86_64-debian-gcc | 1.0.0 | 12.08 | 20.23 | 32.31 | OK | |
r-devel-linux-x86_64-fedora-clang | 1.0.0 | 49.96 | OK | |||
r-devel-linux-x86_64-fedora-gcc | 1.0.0 | 52.12 | OK | |||
r-devel-windows-x86_64 | 1.0.0 | 11.00 | 38.00 | 49.00 | OK | |
r-patched-linux-x86_64 | 1.0.0 | 11.45 | 25.24 | 36.69 | OK | |
r-release-linux-x86_64 | 1.0.0 | 12.69 | 24.60 | 37.29 | OK | |
r-release-macos-arm64 | 1.0.0 | 22.00 | NOTE | |||
r-release-windows-x86_64 | 1.0.0 | 11.00 | 43.00 | 54.00 | OK | |
r-oldrel-macos-arm64 | 1.0.0 | 23.00 | NOTE | |||
r-oldrel-macos-x86_64 | 1.0.0 | 34.00 | NOTE | |||
r-oldrel-windows-x86_64 | 1.0.0 | 12.00 | 37.00 | 49.00 | OK |
Version: 1.0.0
Check: installed package size
Result: NOTE
installed size is 5.3Mb
sub-directories of 1Mb or more:
data 5.2Mb
Flavors: r-release-macos-arm64, r-oldrel-macos-arm64, r-oldrel-macos-x86_64