Last updated on 2024-05-08 01:48:21 CEST.
Flavor | Version | Tinstall | Tcheck | Ttotal | Status | Flags |
---|---|---|---|---|---|---|
r-devel-linux-x86_64-debian-clang | 0.0.3 | 68.67 | 24.58 | 93.25 | NOTE | |
r-devel-linux-x86_64-debian-gcc | 0.0.3 | 50.22 | 18.92 | 69.14 | NOTE | |
r-devel-linux-x86_64-fedora-clang | 0.0.3 | 124.40 | NOTE | |||
r-devel-linux-x86_64-fedora-gcc | 0.0.3 | 127.70 | NOTE | |||
r-devel-windows-x86_64 | 0.0.3 | 57.00 | 53.00 | 110.00 | NOTE | |
r-patched-linux-x86_64 | 0.0.3 | 65.22 | 23.70 | 88.92 | OK | |
r-release-linux-x86_64 | 0.0.3 | 69.19 | 23.84 | 93.03 | OK | |
r-release-macos-arm64 | 0.0.3 | 39.00 | NOTE | |||
r-release-windows-x86_64 | 0.0.3 | 55.00 | 57.00 | 112.00 | OK | |
r-oldrel-macos-arm64 | 0.0.3 | 45.00 | NOTE | |||
r-oldrel-macos-x86_64 | 0.0.3 | 72.00 | NOTE | |||
r-oldrel-windows-x86_64 | 0.0.3 | 60.00 | 59.00 | 119.00 | OK |
Version: 0.0.3
Check: compiled code
Result: NOTE
File ‘orbweaver/libs/orbweaver.so’:
Found non-API calls to R: ‘SET_ENCLOS’, ‘SET_ENVFLAGS’, ‘SET_PRCODE’,
‘SET_PRENV’, ‘SET_PRVALUE’
Compiled code should not call non-API entry points in R.
See ‘Writing portable packages’ in the ‘Writing R Extensions’ manual.
Flavors: r-devel-linux-x86_64-debian-clang, r-devel-linux-x86_64-debian-gcc, r-devel-linux-x86_64-fedora-clang, r-devel-linux-x86_64-fedora-gcc
Version: 0.0.3
Check: compiled code
Result: NOTE
File 'orbweaver/libs/x64/orbweaver.dll':
Found non-API calls to R: 'SET_ENCLOS', 'SET_ENVFLAGS', 'SET_PRCODE',
'SET_PRENV', 'SET_PRVALUE'
Compiled code should not call non-API entry points in R.
See 'Writing portable packages' in the 'Writing R Extensions' manual.
Flavor: r-devel-windows-x86_64
Version: 0.0.3
Check: installed package size
Result: NOTE
installed size is 7.4Mb
sub-directories of 1Mb or more:
libs 7.3Mb
Flavors: r-release-macos-arm64, r-oldrel-macos-arm64, r-oldrel-macos-x86_64