Last updated on 2024-05-07 13:51:57 CEST.
Flavor | Version | Tinstall | Tcheck | Ttotal | Status | Flags |
---|---|---|---|---|---|---|
r-devel-linux-x86_64-debian-clang | 0.1.1 | 2.57 | 30.50 | 33.07 | NOTE | |
r-devel-linux-x86_64-debian-gcc | 0.1.1 | 1.76 | 24.37 | 26.13 | NOTE | |
r-devel-linux-x86_64-fedora-clang | 0.1.1 | 43.25 | NOTE | |||
r-devel-linux-x86_64-fedora-gcc | 0.1.1 | 58.53 | NOTE | |||
r-devel-windows-x86_64 | 0.1.1 | 3.00 | 48.00 | 51.00 | NOTE | |
r-patched-linux-x86_64 | 0.1.1 | 3.32 | 30.57 | 33.89 | NOTE | |
r-release-linux-x86_64 | 0.1.1 | 2.73 | 29.82 | 32.55 | NOTE | |
r-release-macos-arm64 | 0.1.1 | 18.00 | NOTE | |||
r-release-windows-x86_64 | 0.1.1 | 3.00 | 45.00 | 48.00 | NOTE | |
r-oldrel-macos-arm64 | 0.1.1 | 18.00 | NOTE | |||
r-oldrel-macos-x86_64 | 0.1.1 | 26.00 | NOTE | |||
r-oldrel-windows-x86_64 | 0.1.1 | 3.00 | 46.00 | 49.00 | NOTE |
Version: 0.1.1
Check: Rd files
Result: NOTE
checkRd: (-1) btsdemo.Rd:22: Escaped LaTeX specials: \_
checkRd: (-1) btsdemo.Rd:23: Escaped LaTeX specials: \_
checkRd: (-1) btsdemo.Rd:24: Escaped LaTeX specials: \_
checkRd: (-1) btsdemo.Rd:25: Escaped LaTeX specials: \_
checkRd: (-1) btsdemo.Rd:26: Escaped LaTeX specials: \_
checkRd: (-1) btsdemo.Rd:30: Escaped LaTeX specials: \_
Flavors: r-devel-linux-x86_64-debian-clang, r-devel-linux-x86_64-debian-gcc, r-devel-linux-x86_64-fedora-clang, r-devel-linux-x86_64-fedora-gcc, r-devel-windows-x86_64, r-patched-linux-x86_64, r-release-linux-x86_64, r-release-macos-arm64, r-release-windows-x86_64, r-oldrel-macos-arm64, r-oldrel-macos-x86_64, r-oldrel-windows-x86_64