Last updated on 2024-05-08 01:48:21 CEST.
Flavor | Version | Tinstall | Tcheck | Ttotal | Status | Flags |
---|---|---|---|---|---|---|
r-devel-linux-x86_64-debian-clang | 0.1.7 | 103.08 | 85.05 | 188.13 | NOTE | |
r-devel-linux-x86_64-debian-gcc | 0.1.7 | 75.93 | 63.14 | 139.07 | NOTE | |
r-devel-linux-x86_64-fedora-clang | 0.1.7 | 254.70 | NOTE | |||
r-devel-linux-x86_64-fedora-gcc | 0.1.7 | 326.97 | NOTE | |||
r-devel-windows-x86_64 | 0.1.7 | 80.00 | 100.00 | 180.00 | NOTE | |
r-patched-linux-x86_64 | 0.1.7 | 101.43 | 82.70 | 184.13 | NOTE | |
r-release-linux-x86_64 | 0.1.7 | 103.38 | 81.60 | 184.98 | NOTE | |
r-release-macos-arm64 | 0.1.7 | 60.00 | NOTE | |||
r-release-windows-x86_64 | 0.1.7 | 78.00 | 98.00 | 176.00 | NOTE | |
r-oldrel-macos-arm64 | 0.1.7 | 73.00 | NOTE | |||
r-oldrel-macos-x86_64 | 0.1.7 | 121.00 | NOTE | |||
r-oldrel-windows-x86_64 | 0.1.7 | 94.00 | 121.00 | 215.00 | NOTE |
Version: 0.1.7
Check: C++ specification
Result: NOTE
Specified C++11: please drop specification unless essential
Flavors: r-devel-linux-x86_64-debian-clang, r-devel-linux-x86_64-debian-gcc, r-devel-linux-x86_64-fedora-clang, r-devel-linux-x86_64-fedora-gcc, r-devel-windows-x86_64, r-patched-linux-x86_64, r-release-linux-x86_64, r-release-macos-arm64, r-release-windows-x86_64, r-oldrel-macos-arm64, r-oldrel-macos-x86_64, r-oldrel-windows-x86_64