Last updated on 2024-05-04 22:27:12 CEST.
Flavor | Version | Tinstall | Tcheck | Ttotal | Status | Flags |
---|---|---|---|---|---|---|
r-devel-linux-x86_64-debian-clang | 2.4.0 | 0.72 | 2.35 | 3.07 | ERROR | |
r-devel-linux-x86_64-debian-gcc | 2.4.0 | 11.02 | 232.51 | 243.53 | OK | |
r-devel-linux-x86_64-fedora-clang | 2.4.1 | 406.01 | OK | |||
r-devel-linux-x86_64-fedora-gcc | 2.4.0 | 399.43 | OK | |||
r-devel-windows-x86_64 | 2.4.0 | 12.00 | 255.00 | 267.00 | OK | |
r-patched-linux-x86_64 | 2.4.0 | 9.26 | 301.44 | 310.70 | OK | |
r-release-linux-x86_64 | 2.3.1 | 8.13 | 304.27 | 312.40 | OK | |
r-release-macos-arm64 | 2.4.0 | 6.00 | ERROR | |||
r-release-macos-x86_64 | 2.4.1 | 8.00 | ERROR | |||
r-release-windows-x86_64 | 2.4.0 | 11.00 | 246.00 | 257.00 | OK | |
r-oldrel-macos-arm64 | 2.4.0 | 10.00 | ERROR | |||
r-oldrel-macos-x86_64 | 2.4.1 | 7.00 | ERROR | |||
r-oldrel-windows-x86_64 | 2.4.0 | 11.00 | 269.00 | 280.00 | OK |
Version: 2.4.0
Check: package dependencies
Result: ERROR
Packages required but not available:
'AnnotationDbi', 'org.Hs.eg.db', 'ggkegg'
See section ‘The DESCRIPTION file’ in the ‘Writing R Extensions’
manual.
Flavor: r-devel-linux-x86_64-debian-clang
Version: 2.4.0
Check: package dependencies
Result: ERROR
Package required but not available: ‘ggkegg’
See section ‘The DESCRIPTION file’ in the ‘Writing R Extensions’
manual.
Flavors: r-release-macos-arm64, r-oldrel-macos-arm64
Version: 2.4.1
Check: package dependencies
Result: ERROR
Package required but not available: ‘ggkegg’
See section ‘The DESCRIPTION file’ in the ‘Writing R Extensions’
manual.
Flavors: r-release-macos-x86_64, r-oldrel-macos-x86_64