Last updated on 2024-05-07 13:51:58 CEST.
Flavor | Version | Tinstall | Tcheck | Ttotal | Status | Flags |
---|---|---|---|---|---|---|
r-devel-linux-x86_64-debian-clang | 2.7-11 | 122.12 | 426.23 | 548.35 | OK | |
r-devel-linux-x86_64-debian-gcc | 2.7-11 | 103.25 | 313.23 | 416.48 | OK | |
r-devel-linux-x86_64-fedora-clang | 2.7-11 | 736.18 | NOTE | |||
r-devel-linux-x86_64-fedora-gcc | 2.7-11 | 909.07 | OK | |||
r-devel-windows-x86_64 | 2.7-11 | 104.00 | 360.00 | 464.00 | NOTE | |
r-patched-linux-x86_64 | 2.7-11 | 135.72 | 410.79 | 546.51 | OK | |
r-release-linux-x86_64 | 2.7-11 | 125.31 | 407.19 | 532.50 | OK | |
r-release-macos-arm64 | 2.7-11 | 174.00 | NOTE | |||
r-release-macos-x86_64 | 2.7-11 | 467.00 | NOTE | |||
r-release-windows-x86_64 | 2.7-11 | 102.00 | 359.00 | 461.00 | NOTE | |
r-oldrel-macos-arm64 | 2.7-11 | 202.00 | NOTE | |||
r-oldrel-macos-x86_64 | 2.7-11 | 454.00 | NOTE | |||
r-oldrel-windows-x86_64 | 2.7-11 | 124.00 | 463.00 | 587.00 | NOTE |
Version: 2.7-11
Check: installed package size
Result: NOTE
installed size is 5.5Mb
sub-directories of 1Mb or more:
data 2.1Mb
Flavors: r-devel-linux-x86_64-fedora-clang, r-devel-windows-x86_64, r-release-macos-arm64, r-release-macos-x86_64, r-release-windows-x86_64, r-oldrel-macos-arm64, r-oldrel-macos-x86_64, r-oldrel-windows-x86_64
Version: 2.7-11
Check: Rd cross-references
Result: NOTE
Undeclared packages ‘combinat’, ‘unifDAG’ in Rd xrefs
Flavor: r-devel-linux-x86_64-fedora-clang