Last updated on 2024-05-07 13:51:58 CEST.
Flavor | Version | Tinstall | Tcheck | Ttotal | Status | Flags |
---|---|---|---|---|---|---|
r-devel-linux-x86_64-debian-clang | 1.1.3 | 54.33 | 64.65 | 118.98 | OK | |
r-devel-linux-x86_64-debian-gcc | 1.1.3 | 42.65 | 48.84 | 91.49 | OK | |
r-devel-linux-x86_64-fedora-clang | 1.1.3 | 153.06 | NOTE | |||
r-devel-linux-x86_64-fedora-gcc | 1.1.3 | 220.16 | NOTE | |||
r-devel-windows-x86_64 | 1.1.3 | 44.00 | 87.00 | 131.00 | OK | |
r-patched-linux-x86_64 | 1.1.3 | 53.56 | 62.13 | 115.69 | OK | |
r-release-linux-x86_64 | 1.1.3 | 61.28 | 64.44 | 125.72 | OK | |
r-release-macos-arm64 | 1.1.3 | 48.00 | NOTE | |||
r-release-windows-x86_64 | 1.1.3 | 43.00 | 87.00 | 130.00 | OK | |
r-oldrel-macos-arm64 | 1.1.3 | 51.00 | NOTE | |||
r-oldrel-macos-x86_64 | 1.1.3 | 81.00 | NOTE | |||
r-oldrel-windows-x86_64 | 1.1.3 | 51.00 | 100.00 | 151.00 | OK |
Version: 1.1.3
Check: dependencies in R code
Result: NOTE
Namespace in Imports field not imported from: ‘utils’
All declared Imports should be used.
Flavors: r-devel-linux-x86_64-fedora-clang, r-devel-linux-x86_64-fedora-gcc
Version: 1.1.3
Check: installed package size
Result: NOTE
installed size is 16.1Mb
sub-directories of 1Mb or more:
libs 15.8Mb
Flavors: r-release-macos-arm64, r-oldrel-macos-arm64, r-oldrel-macos-x86_64