Last updated on 2024-05-07 09:59:04 CEST.
Flavor | Version | Tinstall | Tcheck | Ttotal | Status | Flags |
---|---|---|---|---|---|---|
r-devel-linux-x86_64-debian-clang | 0.5.4 | 3.75 | 51.26 | 55.01 | OK | |
r-devel-linux-x86_64-debian-gcc | 0.5.4 | 2.45 | 39.14 | 41.59 | OK | |
r-devel-linux-x86_64-fedora-clang | 0.5.4 | 73.18 | OK | |||
r-devel-linux-x86_64-fedora-gcc | 0.5.4 | 92.25 | OK | |||
r-devel-windows-x86_64 | 0.5.4 | 4.00 | 66.00 | 70.00 | OK | |
r-patched-linux-x86_64 | 0.5.4 | 3.29 | 48.78 | 52.07 | OK | |
r-release-linux-x86_64 | 0.5.4 | 2.42 | 47.89 | 50.31 | OK | |
r-release-macos-arm64 | 0.5.4 | 33.00 | OK | |||
r-release-windows-x86_64 | 0.5.4 | 5.00 | 66.00 | 71.00 | OK | |
r-oldrel-macos-arm64 | 0.5.4 | 33.00 | OK | |||
r-oldrel-macos-x86_64 | 0.5.4 | 47.00 | NOTE | |||
r-oldrel-windows-x86_64 | 0.5.4 | 6.00 | 69.00 | 75.00 | OK |
Version: 0.5.4
Check: package dependencies
Result: NOTE
Package suggested but not available for checking: ‘rstan’
Flavor: r-oldrel-macos-x86_64
Version: 0.5.4
Check: Rd cross-references
Result: NOTE
Package unavailable to check Rd xrefs: ‘rstan’
Flavor: r-oldrel-macos-x86_64