Last updated on 2024-05-04 13:49:15 CEST.
Flavor | Version | Tinstall | Tcheck | Ttotal | Status | Flags |
---|---|---|---|---|---|---|
r-devel-linux-x86_64-debian-clang | 1.0.5 | 2.68 | 28.92 | 31.60 | NOTE | |
r-devel-linux-x86_64-debian-gcc | 1.0.5 | 1.97 | 22.62 | 24.59 | NOTE | |
r-devel-linux-x86_64-fedora-clang | 1.0.5 | 40.04 | NOTE | |||
r-devel-linux-x86_64-fedora-gcc | 1.0.5 | 37.90 | NOTE | |||
r-devel-windows-x86_64 | 1.0.5 | 3.00 | 50.00 | 53.00 | NOTE | |
r-patched-linux-x86_64 | 1.0.5 | 1.67 | 29.03 | 30.70 | NOTE | |
r-release-linux-x86_64 | 1.0.5 | 1.80 | 27.83 | 29.63 | NOTE | |
r-release-macos-arm64 | 1.0.5 | 19.00 | NOTE | |||
r-release-windows-x86_64 | 1.0.5 | 4.00 | 50.00 | 54.00 | NOTE | |
r-oldrel-macos-arm64 | 1.0.5 | 19.00 | NOTE | |||
r-oldrel-macos-x86_64 | 1.0.5 | 23.00 | NOTE | |||
r-oldrel-windows-x86_64 | 1.0.5 | 4.00 | 48.00 | 52.00 | NOTE |
Version: 1.0.5
Check: LazyData
Result: NOTE
'LazyData' is specified without a 'data' directory
Flavors: r-devel-linux-x86_64-debian-clang, r-devel-linux-x86_64-debian-gcc, r-devel-linux-x86_64-fedora-clang, r-devel-linux-x86_64-fedora-gcc, r-devel-windows-x86_64, r-patched-linux-x86_64, r-release-linux-x86_64, r-release-macos-arm64, r-release-windows-x86_64, r-oldrel-macos-arm64, r-oldrel-macos-x86_64, r-oldrel-windows-x86_64