Last updated on 2024-05-08 01:48:22 CEST.
Flavor | Version | Tinstall | Tcheck | Ttotal | Status | Flags |
---|---|---|---|---|---|---|
r-devel-linux-x86_64-debian-clang | 1.0.3 | 2.85 | 30.15 | 33.00 | NOTE | |
r-devel-linux-x86_64-debian-gcc | 1.0.3 | 2.20 | 22.96 | 25.16 | NOTE | |
r-devel-linux-x86_64-fedora-clang | 1.0.3 | 41.50 | NOTE | |||
r-devel-linux-x86_64-fedora-gcc | 1.0.3 | 58.23 | NOTE | |||
r-devel-windows-x86_64 | 1.0.3 | 3.00 | 47.00 | 50.00 | NOTE | |
r-patched-linux-x86_64 | 1.0.3 | 2.67 | 28.47 | 31.14 | NOTE | |
r-release-linux-x86_64 | 1.0.3 | 2.18 | 28.23 | 30.41 | NOTE | |
r-release-macos-arm64 | 1.0.3 | 18.00 | NOTE | |||
r-release-windows-x86_64 | 1.0.3 | 3.00 | 46.00 | 49.00 | NOTE | |
r-oldrel-macos-arm64 | 1.0.3 | 21.00 | NOTE | |||
r-oldrel-macos-x86_64 | 1.0.3 | 23.00 | NOTE | |||
r-oldrel-windows-x86_64 | 1.0.3 | 3.00 | 47.00 | 50.00 | NOTE |
Version: 1.0.3
Check: LazyData
Result: NOTE
'LazyData' is specified without a 'data' directory
Flavors: r-devel-linux-x86_64-debian-clang, r-devel-linux-x86_64-debian-gcc, r-devel-linux-x86_64-fedora-clang, r-devel-linux-x86_64-fedora-gcc, r-devel-windows-x86_64, r-patched-linux-x86_64, r-release-linux-x86_64, r-release-macos-arm64, r-release-windows-x86_64, r-oldrel-macos-arm64, r-oldrel-macos-x86_64, r-oldrel-windows-x86_64