Last updated on 2024-05-07 13:51:59 CEST.
Flavor | Version | Tinstall | Tcheck | Ttotal | Status | Flags |
---|---|---|---|---|---|---|
r-devel-linux-x86_64-debian-clang | 0.5.2 | 6.98 | 54.58 | 61.56 | NOTE | |
r-devel-linux-x86_64-debian-gcc | 0.5.2 | 3.95 | 40.96 | 44.91 | NOTE | |
r-devel-linux-x86_64-fedora-clang | 0.5.2 | 76.70 | NOTE | |||
r-devel-linux-x86_64-fedora-gcc | 0.5.2 | 100.83 | NOTE | |||
r-devel-windows-x86_64 | 0.5.2 | 5.00 | 70.00 | 75.00 | NOTE | |
r-patched-linux-x86_64 | 0.5.2 | 5.39 | 52.40 | 57.79 | NOTE | |
r-release-linux-x86_64 | 0.5.2 | 6.08 | 52.11 | 58.19 | NOTE | |
r-release-macos-arm64 | 0.5.2 | 42.00 | NOTE | |||
r-release-windows-x86_64 | 0.5.2 | 5.00 | 72.00 | 77.00 | NOTE | |
r-oldrel-macos-arm64 | 0.5.2 | 36.00 | OK | |||
r-oldrel-macos-x86_64 | 0.5.2 | 86.00 | OK | |||
r-oldrel-windows-x86_64 | 0.5.2 | 6.00 | 74.00 | 80.00 | OK |
Version: 0.5.2
Check: Rd files
Result: NOTE
checkRd: (-1) prolific_prescreener.Rd:254: Lost braces in \itemize; meant \describe ?
checkRd: (-1) prolific_prescreener.Rd:255: Lost braces in \itemize; meant \describe ?
checkRd: (-1) prolific_study.Rd:95: Lost braces in \itemize; meant \describe ?
checkRd: (-1) prolific_study.Rd:96: Lost braces in \itemize; meant \describe ?
checkRd: (-1) prolific_study.Rd:97: Lost braces in \itemize; meant \describe ?
checkRd: (-1) prolific_study.Rd:109: Lost braces in \itemize; meant \describe ?
checkRd: (-1) prolific_study.Rd:110: Lost braces in \itemize; meant \describe ?
checkRd: (-1) prolific_study.Rd:149: Lost braces in \itemize; meant \describe ?
checkRd: (-1) prolific_study.Rd:150: Lost braces in \itemize; meant \describe ?
checkRd: (-1) prolific_study.Rd:151: Lost braces in \itemize; meant \describe ?
checkRd: (-1) prolific_study.Rd:243: Lost braces in \itemize; meant \describe ?
checkRd: (-1) prolific_study.Rd:244: Lost braces in \itemize; meant \describe ?
Flavors: r-devel-linux-x86_64-debian-clang, r-devel-linux-x86_64-debian-gcc, r-devel-linux-x86_64-fedora-clang, r-devel-linux-x86_64-fedora-gcc, r-devel-windows-x86_64, r-patched-linux-x86_64, r-release-linux-x86_64, r-release-macos-arm64, r-release-windows-x86_64