Last updated on 2024-05-07 13:51:59 CEST.
Flavor | Version | Tinstall | Tcheck | Ttotal | Status | Flags |
---|---|---|---|---|---|---|
r-devel-linux-x86_64-debian-clang | 1.0.0 | 6.90 | 67.02 | 73.92 | OK | |
r-devel-linux-x86_64-debian-gcc | 1.0.0 | 4.98 | 48.39 | 53.37 | OK | |
r-devel-linux-x86_64-fedora-clang | 1.0.0 | 86.71 | NOTE | |||
r-devel-linux-x86_64-fedora-gcc | 1.0.0 | 114.13 | NOTE | |||
r-devel-windows-x86_64 | 1.0.0 | 6.00 | 66.00 | 72.00 | OK | |
r-patched-linux-x86_64 | 1.0.0 | 6.13 | 60.19 | 66.32 | OK | |
r-release-linux-x86_64 | 1.0.0 | 4.96 | 61.72 | 66.68 | OK | |
r-release-macos-arm64 | 1.0.0 | 27.00 | OK | |||
r-release-windows-x86_64 | 1.0.0 | 6.00 | 67.00 | 73.00 | OK | |
r-oldrel-macos-arm64 | 1.0.0 | 30.00 | OK | |||
r-oldrel-macos-x86_64 | 1.0.0 | 46.00 | OK | |||
r-oldrel-windows-x86_64 | 1.0.0 | 7.00 | 74.00 | 81.00 | OK |
Version: 1.0.0
Check: dependencies in R code
Result: NOTE
Namespaces in Imports field not imported from:
‘RColorBrewer’ ‘grDevices’
All declared Imports should be used.
Flavors: r-devel-linux-x86_64-fedora-clang, r-devel-linux-x86_64-fedora-gcc