Last updated on 2024-05-07 21:48:36 CEST.
Flavor | Version | Tinstall | Tcheck | Ttotal | Status | Flags |
---|---|---|---|---|---|---|
r-devel-linux-x86_64-debian-clang | 1.1.1 | 477.04 | 219.69 | 696.73 | OK | |
r-devel-linux-x86_64-debian-gcc | 1.1.1 | 378.73 | 173.73 | 552.46 | OK | |
r-devel-linux-x86_64-fedora-clang | 1.1.1 | 808.12 | OK | |||
r-devel-linux-x86_64-fedora-gcc | 1.1.1 | 1149.71 | OK | |||
r-devel-windows-x86_64 | 1.1.1 | 332.00 | 204.00 | 536.00 | OK | |
r-patched-linux-x86_64 | 1.1.1 | 444.37 | 234.65 | 679.02 | OK | |
r-release-linux-x86_64 | 1.1.1 | 475.02 | 234.52 | 709.54 | OK | |
r-release-macos-arm64 | 1.1.1 | 209.00 | NOTE | |||
r-release-macos-x86_64 | 1.1.1 | 372.00 | NOTE | |||
r-release-windows-x86_64 | 1.1.1 | 314.00 | 203.00 | 517.00 | OK | |
r-oldrel-macos-arm64 | 1.1.1 | 184.00 | NOTE | |||
r-oldrel-macos-x86_64 | 1.1.1 | 416.00 | NOTE | |||
r-oldrel-windows-x86_64 | 1.1.1 | 401.00 | 255.00 | 656.00 | OK |
Version: 1.1.1
Check: installed package size
Result: NOTE
installed size is 145.3Mb
sub-directories of 1Mb or more:
libs 144.1Mb
Flavors: r-release-macos-arm64, r-release-macos-x86_64, r-oldrel-macos-arm64, r-oldrel-macos-x86_64