Last updated on 2024-05-07 09:59:05 CEST.
Flavor | Version | Tinstall | Tcheck | Ttotal | Status | Flags |
---|---|---|---|---|---|---|
r-devel-linux-x86_64-debian-clang | 0.3.0 | 8.85 | 101.35 | 110.20 | NOTE | |
r-devel-linux-x86_64-debian-gcc | 0.3.0 | 4.71 | 71.65 | 76.36 | NOTE | |
r-devel-linux-x86_64-fedora-clang | 0.3.0 | 128.61 | NOTE | |||
r-devel-linux-x86_64-fedora-gcc | 0.3.0 | 182.38 | NOTE | |||
r-devel-windows-x86_64 | 0.3.0 | 8.00 | 97.00 | 105.00 | NOTE | |
r-patched-linux-x86_64 | 0.3.0 | 8.73 | 94.61 | 103.34 | NOTE | |
r-release-linux-x86_64 | 0.3.0 | 7.09 | 94.02 | 101.11 | NOTE | |
r-release-macos-arm64 | 0.3.0 | 47.00 | NOTE | |||
r-release-macos-x86_64 | 0.3.0 | 122.00 | NOTE | |||
r-release-windows-x86_64 | 0.3.0 | 8.00 | 94.00 | 102.00 | NOTE | |
r-oldrel-macos-arm64 | 0.3.0 | 53.00 | NOTE | |||
r-oldrel-macos-x86_64 | 0.3.0 | 100.00 | NOTE | |||
r-oldrel-windows-x86_64 | 0.3.0 | 10.00 | 113.00 | 123.00 | NOTE |
Version: 0.3.0
Check: package dependencies
Result: NOTE
Package suggested but not available for checking: ‘spDataLarge’
Flavors: r-devel-linux-x86_64-debian-clang, r-devel-linux-x86_64-debian-gcc, r-devel-linux-x86_64-fedora-clang, r-devel-linux-x86_64-fedora-gcc, r-devel-windows-x86_64, r-patched-linux-x86_64, r-release-linux-x86_64, r-release-macos-arm64, r-release-macos-x86_64, r-release-windows-x86_64, r-oldrel-macos-arm64, r-oldrel-macos-x86_64, r-oldrel-windows-x86_64