Last updated on 2024-05-08 01:48:25 CEST.
Flavor | Version | Tinstall | Tcheck | Ttotal | Status | Flags |
---|---|---|---|---|---|---|
r-devel-linux-x86_64-debian-clang | 1.0.8 | 146.58 | 74.85 | 221.43 | OK | |
r-devel-linux-x86_64-debian-gcc | 1.0.8 | 129.37 | 58.25 | 187.62 | OK | |
r-devel-linux-x86_64-fedora-clang | 1.0.8 | 298.05 | OK | |||
r-devel-linux-x86_64-fedora-gcc | 1.0.8 | 387.02 | OK | |||
r-devel-windows-x86_64 | 1.0.8 | 121.00 | 102.00 | 223.00 | OK | |
r-patched-linux-x86_64 | 1.0.8 | 154.11 | 72.92 | 227.03 | OK | |
r-release-linux-x86_64 | 1.0.8 | 160.29 | 74.77 | 235.06 | OK | |
r-release-macos-arm64 | 1.0.8 | 60.00 | NOTE | |||
r-release-windows-x86_64 | 1.0.8 | 118.00 | 103.00 | 221.00 | OK | |
r-oldrel-macos-arm64 | 1.0.8 | 67.00 | NOTE | |||
r-oldrel-macos-x86_64 | 1.0.8 | 111.00 | NOTE | |||
r-oldrel-windows-x86_64 | 1.0.8 | 145.00 | 117.00 | 262.00 | OK |
Version: 1.0.8
Check: installed package size
Result: NOTE
installed size is 30.9Mb
sub-directories of 1Mb or more:
libs 29.7Mb
Flavors: r-release-macos-arm64, r-oldrel-macos-arm64, r-oldrel-macos-x86_64