Last updated on 2024-05-07 13:52:07 CEST.
Flavor | Version | Tinstall | Tcheck | Ttotal | Status | Flags |
---|---|---|---|---|---|---|
r-devel-linux-x86_64-debian-clang | 2.1.1 | 6.67 | 60.32 | 66.99 | NOTE | |
r-devel-linux-x86_64-debian-gcc | 2.1.1 | 5.36 | 45.03 | 50.39 | NOTE | |
r-devel-linux-x86_64-fedora-clang | 2.1.1 | 84.95 | NOTE | |||
r-devel-linux-x86_64-fedora-gcc | 2.1.1 | 142.74 | NOTE | |||
r-devel-windows-x86_64 | 2.1.1 | 7.00 | 70.00 | 77.00 | NOTE | |
r-patched-linux-x86_64 | 2.1.1 | 5.96 | 56.22 | 62.18 | NOTE | |
r-release-linux-x86_64 | 2.1.1 | 5.56 | 57.90 | 63.46 | NOTE | |
r-release-macos-arm64 | 2.1.1 | 31.00 | NOTE | |||
r-release-windows-x86_64 | 2.1.1 | 6.00 | 71.00 | 77.00 | NOTE | |
r-oldrel-macos-arm64 | 2.1.1 | 36.00 | NOTE | |||
r-oldrel-macos-x86_64 | 2.1.1 | 51.00 | NOTE | |||
r-oldrel-windows-x86_64 | 2.1.1 | 8.00 | 78.00 | 86.00 | NOTE |
Version: 2.1.1
Check: LazyData
Result: NOTE
'LazyData' is specified without a 'data' directory
Flavors: r-devel-linux-x86_64-debian-clang, r-devel-linux-x86_64-debian-gcc, r-devel-linux-x86_64-fedora-clang, r-devel-linux-x86_64-fedora-gcc, r-devel-windows-x86_64, r-patched-linux-x86_64, r-release-linux-x86_64, r-release-macos-arm64, r-release-windows-x86_64, r-oldrel-macos-arm64, r-oldrel-macos-x86_64, r-oldrel-windows-x86_64