Last updated on 2024-05-07 06:11:48 CEST.
Flavor | Version | Tinstall | Tcheck | Ttotal | Status | Flags |
---|---|---|---|---|---|---|
r-devel-linux-x86_64-debian-clang | 1.3.0 | 206.57 | 33.04 | 239.61 | OK | |
r-devel-linux-x86_64-debian-gcc | 1.3.0 | 229.26 | 25.43 | 254.69 | OK | |
r-devel-linux-x86_64-fedora-clang | 1.3.1 | 323.66 | OK | |||
r-devel-linux-x86_64-fedora-gcc | 1.3.1 | 579.55 | OK | |||
r-devel-windows-x86_64 | 1.3.0 | 218.00 | 90.00 | 308.00 | NOTE | |
r-patched-linux-x86_64 | 1.3.0 | 278.13 | 32.37 | 310.50 | OK | |
r-release-linux-x86_64 | 1.3.0 | 280.19 | 31.87 | 312.06 | OK | |
r-release-macos-arm64 | 1.3.1 | 103.00 | NOTE | |||
r-release-macos-x86_64 | 1.3.1 | 133.00 | NOTE | |||
r-release-windows-x86_64 | 1.3.1 | 165.00 | 88.00 | 253.00 | NOTE | |
r-oldrel-macos-arm64 | 1.3.1 | 105.00 | NOTE | |||
r-oldrel-macos-x86_64 | 1.3.1 | 127.00 | NOTE | |||
r-oldrel-windows-x86_64 | 1.3.0 | 254.00 | 100.00 | 354.00 | NOTE |
Version: 1.3.0
Check: installed package size
Result: NOTE
installed size is 5.1Mb
sub-directories of 1Mb or more:
libs 4.9Mb
Flavors: r-devel-windows-x86_64, r-oldrel-windows-x86_64
Version: 1.3.1
Check: installed package size
Result: NOTE
installed size is 43.1Mb
sub-directories of 1Mb or more:
libs 42.9Mb
Flavors: r-release-macos-arm64, r-release-macos-x86_64, r-release-windows-x86_64, r-oldrel-macos-arm64, r-oldrel-macos-x86_64