Last updated on 2024-05-08 01:48:24 CEST.
Flavor | Version | Tinstall | Tcheck | Ttotal | Status | Flags |
---|---|---|---|---|---|---|
r-devel-linux-x86_64-debian-clang | 0.32.2 | 526.27 | 104.52 | 630.79 | OK | |
r-devel-linux-x86_64-debian-gcc | 0.32.2 | 383.05 | 75.21 | 458.26 | OK | |
r-devel-linux-x86_64-fedora-clang | 0.32.2 | 906.90 | OK | |||
r-devel-linux-x86_64-fedora-gcc | 0.32.2 | 995.19 | OK | |||
r-devel-windows-x86_64 | 0.32.2 | 412.00 | 150.00 | 562.00 | OK | |
r-patched-linux-x86_64 | 0.32.2 | 492.32 | 96.12 | 588.44 | OK | |
r-release-linux-x86_64 | 0.32.2 | 409.28 | 95.41 | 504.69 | OK | |
r-release-macos-arm64 | 0.32.2 | 146.00 | NOTE | |||
r-release-macos-x86_64 | 0.32.2 | 207.00 | NOTE | |||
r-release-windows-x86_64 | 0.32.2 | 425.00 | 141.00 | 566.00 | OK | |
r-oldrel-macos-arm64 | 0.32.2 | 158.00 | NOTE | |||
r-oldrel-macos-x86_64 | 0.32.2 | 164.00 | NOTE | |||
r-oldrel-windows-x86_64 | 0.32.2 | 499.00 | 167.00 | 666.00 | OK |
Version: 0.32.2
Check: installed package size
Result: NOTE
installed size is 20.9Mb
sub-directories of 1Mb or more:
libs 20.2Mb
Flavors: r-release-macos-arm64, r-release-macos-x86_64, r-oldrel-macos-arm64, r-oldrel-macos-x86_64